{"id":401,"date":"2019-09-20T19:42:56","date_gmt":"2019-09-20T17:42:56","guid":{"rendered":"http:\/\/sps19.kalisz.pl\/?page_id=401"},"modified":"2026-04-10T16:40:58","modified_gmt":"2026-04-10T14:40:58","slug":"swietlica-szkolna","status":"publish","type":"page","link":"https:\/\/sps19.kalisz.pl\/index.php\/organizacja\/swietlica-szkolna\/","title":{"rendered":"\u015awietlica szkolna"},"content":{"rendered":"<div class=\"wp-block-image\">\n<figure class=\"aligncenter size-large\"><img fetchpriority=\"high\" decoding=\"async\" width=\"1024\" height=\"564\" src=\"https:\/\/sps19.kalisz.pl\/wp-content\/uploads\/2026\/04\/swietlica-1024x564.jpg\" alt=\"\" class=\"wp-image-13503\" srcset=\"https:\/\/sps19.kalisz.pl\/wp-content\/uploads\/2026\/04\/swietlica-1024x564.jpg 1024w, https:\/\/sps19.kalisz.pl\/wp-content\/uploads\/2026\/04\/swietlica-300x165.jpg 300w, https:\/\/sps19.kalisz.pl\/wp-content\/uploads\/2026\/04\/swietlica-768x423.jpg 768w, https:\/\/sps19.kalisz.pl\/wp-content\/uploads\/2026\/04\/swietlica.jpg 1280w\" sizes=\"(max-width: 1024px) 100vw, 1024px\" \/><\/figure>\n<\/div>\n\n\n<p class=\"has-black-color has-text-color has-link-color has-medium-font-size wp-elements-de5992895adfaa9f94888764ecd480ff\"><strong>\u015awietlica szkolna<\/strong> w naszej szkole specjalnej pe\u0142ni wa\u017cn\u0105 funkcj\u0119 opieku\u0144czo-wychowawcz\u0105, zapewniaj\u0105c uczniom bezpieczne i przyjazne miejsce przed rozpocz\u0119ciem zaj\u0119\u0107 oraz po ich zako\u0144czeniu. <strong>Jest czynna codziennie w godzinach od 6:30 do 17:00<\/strong>, dostosowuj\u0105c swoj\u0105 dzia\u0142alno\u015b\u0107 do potrzeb uczni\u00f3w i ich rodzic\u00f3w.<\/p>\n\n\n\n<p class=\"has-link-color has-medium-font-size wp-elements-f1d5db930c623575eb8d526bdec08c41\">W \u015bwietlicy zapewniamy opiek\u0119 wykwalifikowanej kadry pedagogicznej, kt\u00f3ra wspiera rozw\u00f3j dzieci i m\u0142odzie\u017cy z uwzgl\u0119dnieniem ich indywidualnych mo\u017cliwo\u015bci oraz potrzeb edukacyjnych i rozwojowych. Naszym priorytetem jest stworzenie atmosfery bezpiecze\u0144stwa, akceptacji i wzajemnego szacunku.<\/p>\n\n\n\n<p class=\"has-link-color has-medium-font-size wp-elements-0330a31601457488cd92cb85f922420e\"><strong>W ramach zaj\u0119\u0107 \u015bwietlicowych organizowane s\u0105 r\u00f3\u017cnorodne formy aktywno\u015bci, m.in.:<\/strong><\/p>\n\n\n\n<p class=\"has-link-color has-medium-font-size wp-elements-77e2544ae49af2cd399f9f1b60c2d36c\">&#8211; zaj\u0119cia plastyczne i techniczne,<br>&#8211; gry i zabawy rozwijaj\u0105ce umiej\u0119tno\u015bci spo\u0142eczne,<br>&#8211; zaj\u0119cia ruchowe i relaksacyjne,<br>&#8211; pomoc w odrabianiu prac domowych,<br>&#8211; zaj\u0119cia rozwijaj\u0105ce samodzielno\u015b\u0107 i kompetencje \u017cyciowe.<\/p>\n\n\n\n<p class=\"has-link-color has-medium-font-size wp-elements-15dd9f12b2a92419e9c262559c33d143\">Program pracy \u015bwietlicy jest dostosowany do mo\u017cliwo\u015bci uczni\u00f3w szko\u0142y specjalnej i uwzgl\u0119dnia ich potrzeby terapeutyczne oraz wychowawcze. Wspieramy rozw\u00f3j zainteresowa\u0144, uczymy wsp\u00f3\u0142pracy, komunikacji oraz radzenia sobie w codziennych sytuacjach.<\/p>\n\n\n\n<p class=\"has-link-color has-medium-font-size wp-elements-023627c17a3becac4150b0aef6319297\">\u015awietlica wsp\u00f3\u0142pracuje z nauczycielami, specjalistami oraz rodzicami, aby zapewni\u0107 sp\u00f3jne oddzia\u0142ywania wychowawcze i jak najlepsze wsparcie dla ka\u017cdego ucznia.<\/p>\n\n\n\n<p class=\"has-medium-font-size\"><strong>Zapraszamy do korzystania z naszej \u015bwietlicy<\/strong> \u2013 miejsca, w kt\u00f3rym ka\u017cde dziecko mo\u017ce czu\u0107 si\u0119 bezpiecznie, rozwija\u0107 swoje umiej\u0119tno\u015bci i sp\u0119dza\u0107 czas w przyjaznej atmosferze.<\/p>\n\n\n\n<figure class=\"wp-block-gallery has-nested-images columns-default is-cropped wp-block-gallery-1 is-layout-flex wp-block-gallery-is-layout-flex\">\n<figure class=\"wp-block-image size-large\"><img decoding=\"async\" width=\"768\" height=\"1024\" data-id=\"13484\" src=\"https:\/\/sps19.kalisz.pl\/wp-content\/uploads\/2026\/04\/36f6da34-0b96-4b5f-b391-1b0bea760b52-768x1024.jpg\" alt=\"\" class=\"wp-image-13484\" srcset=\"https:\/\/sps19.kalisz.pl\/wp-content\/uploads\/2026\/04\/36f6da34-0b96-4b5f-b391-1b0bea760b52-768x1024.jpg 768w, https:\/\/sps19.kalisz.pl\/wp-content\/uploads\/2026\/04\/36f6da34-0b96-4b5f-b391-1b0bea760b52-225x300.jpg 225w, https:\/\/sps19.kalisz.pl\/wp-content\/uploads\/2026\/04\/36f6da34-0b96-4b5f-b391-1b0bea760b52-1152x1536.jpg 1152w, https:\/\/sps19.kalisz.pl\/wp-content\/uploads\/2026\/04\/36f6da34-0b96-4b5f-b391-1b0bea760b52.jpg 1200w\" sizes=\"(max-width: 768px) 100vw, 768px\" \/><\/figure>\n\n\n\n<figure class=\"wp-block-image size-large\"><img decoding=\"async\" width=\"768\" height=\"1024\" data-id=\"13485\" src=\"https:\/\/sps19.kalisz.pl\/wp-content\/uploads\/2026\/04\/c6a08d7a-10b0-4862-8d5a-2c8c3d44b20a-768x1024.jpg\" alt=\"\" class=\"wp-image-13485\" srcset=\"https:\/\/sps19.kalisz.pl\/wp-content\/uploads\/2026\/04\/c6a08d7a-10b0-4862-8d5a-2c8c3d44b20a-768x1024.jpg 768w, https:\/\/sps19.kalisz.pl\/wp-content\/uploads\/2026\/04\/c6a08d7a-10b0-4862-8d5a-2c8c3d44b20a-225x300.jpg 225w, https:\/\/sps19.kalisz.pl\/wp-content\/uploads\/2026\/04\/c6a08d7a-10b0-4862-8d5a-2c8c3d44b20a-1152x1536.jpg 1152w, https:\/\/sps19.kalisz.pl\/wp-content\/uploads\/2026\/04\/c6a08d7a-10b0-4862-8d5a-2c8c3d44b20a.jpg 1200w\" sizes=\"(max-width: 768px) 100vw, 768px\" \/><\/figure>\n\n\n\n<figure class=\"wp-block-image size-large\"><img loading=\"lazy\" decoding=\"async\" width=\"768\" height=\"1024\" data-id=\"13491\" src=\"https:\/\/sps19.kalisz.pl\/wp-content\/uploads\/2026\/04\/efbe045d-5287-4b9e-a775-70e76c6efe4c-768x1024.jpg\" alt=\"\" class=\"wp-image-13491\" srcset=\"https:\/\/sps19.kalisz.pl\/wp-content\/uploads\/2026\/04\/efbe045d-5287-4b9e-a775-70e76c6efe4c-768x1024.jpg 768w, https:\/\/sps19.kalisz.pl\/wp-content\/uploads\/2026\/04\/efbe045d-5287-4b9e-a775-70e76c6efe4c-225x300.jpg 225w, https:\/\/sps19.kalisz.pl\/wp-content\/uploads\/2026\/04\/efbe045d-5287-4b9e-a775-70e76c6efe4c-1152x1536.jpg 1152w, https:\/\/sps19.kalisz.pl\/wp-content\/uploads\/2026\/04\/efbe045d-5287-4b9e-a775-70e76c6efe4c.jpg 1536w\" sizes=\"(max-width: 768px) 100vw, 768px\" \/><\/figure>\n\n\n\n<figure class=\"wp-block-image size-large\"><img loading=\"lazy\" decoding=\"async\" width=\"768\" height=\"1024\" data-id=\"13487\" src=\"https:\/\/sps19.kalisz.pl\/wp-content\/uploads\/2026\/04\/f396b177-48d4-489a-a223-8ddd04ceb0a8-768x1024.jpg\" alt=\"\" class=\"wp-image-13487\" srcset=\"https:\/\/sps19.kalisz.pl\/wp-content\/uploads\/2026\/04\/f396b177-48d4-489a-a223-8ddd04ceb0a8-768x1024.jpg 768w, https:\/\/sps19.kalisz.pl\/wp-content\/uploads\/2026\/04\/f396b177-48d4-489a-a223-8ddd04ceb0a8-225x300.jpg 225w, https:\/\/sps19.kalisz.pl\/wp-content\/uploads\/2026\/04\/f396b177-48d4-489a-a223-8ddd04ceb0a8-1152x1536.jpg 1152w, https:\/\/sps19.kalisz.pl\/wp-content\/uploads\/2026\/04\/f396b177-48d4-489a-a223-8ddd04ceb0a8.jpg 1536w\" sizes=\"(max-width: 768px) 100vw, 768px\" \/><\/figure>\n\n\n\n<figure class=\"wp-block-image size-large\"><img loading=\"lazy\" decoding=\"async\" width=\"768\" height=\"1024\" data-id=\"13497\" src=\"https:\/\/sps19.kalisz.pl\/wp-content\/uploads\/2026\/04\/14ef4cdd-7515-4050-869d-b95bc5ef1ef0-768x1024.jpg\" alt=\"\" class=\"wp-image-13497\" srcset=\"https:\/\/sps19.kalisz.pl\/wp-content\/uploads\/2026\/04\/14ef4cdd-7515-4050-869d-b95bc5ef1ef0-768x1024.jpg 768w, https:\/\/sps19.kalisz.pl\/wp-content\/uploads\/2026\/04\/14ef4cdd-7515-4050-869d-b95bc5ef1ef0-225x300.jpg 225w, https:\/\/sps19.kalisz.pl\/wp-content\/uploads\/2026\/04\/14ef4cdd-7515-4050-869d-b95bc5ef1ef0-1152x1536.jpg 1152w, https:\/\/sps19.kalisz.pl\/wp-content\/uploads\/2026\/04\/14ef4cdd-7515-4050-869d-b95bc5ef1ef0.jpg 1536w\" sizes=\"(max-width: 768px) 100vw, 768px\" \/><\/figure>\n\n\n\n<figure class=\"wp-block-image size-large\"><img loading=\"lazy\" decoding=\"async\" width=\"768\" height=\"1024\" data-id=\"13496\" src=\"https:\/\/sps19.kalisz.pl\/wp-content\/uploads\/2026\/04\/03325171-7074-47a0-9f7d-35d224372c0c-768x1024.jpg\" alt=\"\" class=\"wp-image-13496\" srcset=\"https:\/\/sps19.kalisz.pl\/wp-content\/uploads\/2026\/04\/03325171-7074-47a0-9f7d-35d224372c0c-768x1024.jpg 768w, https:\/\/sps19.kalisz.pl\/wp-content\/uploads\/2026\/04\/03325171-7074-47a0-9f7d-35d224372c0c-225x300.jpg 225w, https:\/\/sps19.kalisz.pl\/wp-content\/uploads\/2026\/04\/03325171-7074-47a0-9f7d-35d224372c0c-1152x1536.jpg 1152w, https:\/\/sps19.kalisz.pl\/wp-content\/uploads\/2026\/04\/03325171-7074-47a0-9f7d-35d224372c0c.jpg 1536w\" sizes=\"(max-width: 768px) 100vw, 768px\" \/><\/figure>\n\n\n\n<figure class=\"wp-block-image size-large\"><img loading=\"lazy\" decoding=\"async\" width=\"768\" height=\"1024\" data-id=\"13488\" src=\"https:\/\/sps19.kalisz.pl\/wp-content\/uploads\/2026\/04\/cd7bc85f-245f-4ab0-98b9-c5079db8eb67-768x1024.jpg\" alt=\"\" class=\"wp-image-13488\" srcset=\"https:\/\/sps19.kalisz.pl\/wp-content\/uploads\/2026\/04\/cd7bc85f-245f-4ab0-98b9-c5079db8eb67-768x1024.jpg 768w, https:\/\/sps19.kalisz.pl\/wp-content\/uploads\/2026\/04\/cd7bc85f-245f-4ab0-98b9-c5079db8eb67-225x300.jpg 225w, https:\/\/sps19.kalisz.pl\/wp-content\/uploads\/2026\/04\/cd7bc85f-245f-4ab0-98b9-c5079db8eb67-1152x1536.jpg 1152w, https:\/\/sps19.kalisz.pl\/wp-content\/uploads\/2026\/04\/cd7bc85f-245f-4ab0-98b9-c5079db8eb67.jpg 1536w\" sizes=\"(max-width: 768px) 100vw, 768px\" \/><\/figure>\n\n\n\n<figure class=\"wp-block-image size-large\"><img loading=\"lazy\" decoding=\"async\" width=\"768\" height=\"1024\" data-id=\"13489\" src=\"https:\/\/sps19.kalisz.pl\/wp-content\/uploads\/2026\/04\/0a4030d5-3a73-4d6d-9fc8-dd02a5653d8d-768x1024.jpg\" alt=\"\" class=\"wp-image-13489\" srcset=\"https:\/\/sps19.kalisz.pl\/wp-content\/uploads\/2026\/04\/0a4030d5-3a73-4d6d-9fc8-dd02a5653d8d-768x1024.jpg 768w, https:\/\/sps19.kalisz.pl\/wp-content\/uploads\/2026\/04\/0a4030d5-3a73-4d6d-9fc8-dd02a5653d8d-225x300.jpg 225w, https:\/\/sps19.kalisz.pl\/wp-content\/uploads\/2026\/04\/0a4030d5-3a73-4d6d-9fc8-dd02a5653d8d-1152x1536.jpg 1152w, https:\/\/sps19.kalisz.pl\/wp-content\/uploads\/2026\/04\/0a4030d5-3a73-4d6d-9fc8-dd02a5653d8d.jpg 1536w\" sizes=\"(max-width: 768px) 100vw, 768px\" \/><\/figure>\n\n\n\n<figure class=\"wp-block-image size-large\"><img loading=\"lazy\" decoding=\"async\" width=\"768\" height=\"1024\" data-id=\"13490\" src=\"https:\/\/sps19.kalisz.pl\/wp-content\/uploads\/2026\/04\/143b2424-17a7-42c9-aecb-158e3868dfa4-768x1024.jpg\" alt=\"\" class=\"wp-image-13490\" srcset=\"https:\/\/sps19.kalisz.pl\/wp-content\/uploads\/2026\/04\/143b2424-17a7-42c9-aecb-158e3868dfa4-768x1024.jpg 768w, https:\/\/sps19.kalisz.pl\/wp-content\/uploads\/2026\/04\/143b2424-17a7-42c9-aecb-158e3868dfa4-225x300.jpg 225w, https:\/\/sps19.kalisz.pl\/wp-content\/uploads\/2026\/04\/143b2424-17a7-42c9-aecb-158e3868dfa4-1152x1536.jpg 1152w, https:\/\/sps19.kalisz.pl\/wp-content\/uploads\/2026\/04\/143b2424-17a7-42c9-aecb-158e3868dfa4.jpg 1536w\" sizes=\"(max-width: 768px) 100vw, 768px\" \/><\/figure>\n\n\n\n<figure class=\"wp-block-image size-large\"><img loading=\"lazy\" decoding=\"async\" width=\"768\" height=\"1024\" data-id=\"13498\" src=\"https:\/\/sps19.kalisz.pl\/wp-content\/uploads\/2026\/04\/75494d29-0d12-4294-9a26-66411bcfbbf2-768x1024.jpg\" alt=\"\" class=\"wp-image-13498\" srcset=\"https:\/\/sps19.kalisz.pl\/wp-content\/uploads\/2026\/04\/75494d29-0d12-4294-9a26-66411bcfbbf2-768x1024.jpg 768w, https:\/\/sps19.kalisz.pl\/wp-content\/uploads\/2026\/04\/75494d29-0d12-4294-9a26-66411bcfbbf2-225x300.jpg 225w, https:\/\/sps19.kalisz.pl\/wp-content\/uploads\/2026\/04\/75494d29-0d12-4294-9a26-66411bcfbbf2-1152x1536.jpg 1152w, https:\/\/sps19.kalisz.pl\/wp-content\/uploads\/2026\/04\/75494d29-0d12-4294-9a26-66411bcfbbf2.jpg 1536w\" sizes=\"(max-width: 768px) 100vw, 768px\" \/><\/figure>\n\n\n\n<figure class=\"wp-block-image size-large\"><img loading=\"lazy\" decoding=\"async\" width=\"768\" height=\"1024\" data-id=\"13486\" src=\"https:\/\/sps19.kalisz.pl\/wp-content\/uploads\/2026\/04\/247913ee-a474-466f-b310-d8fac09a59d6-768x1024.jpg\" alt=\"\" class=\"wp-image-13486\" srcset=\"https:\/\/sps19.kalisz.pl\/wp-content\/uploads\/2026\/04\/247913ee-a474-466f-b310-d8fac09a59d6-768x1024.jpg 768w, https:\/\/sps19.kalisz.pl\/wp-content\/uploads\/2026\/04\/247913ee-a474-466f-b310-d8fac09a59d6-225x300.jpg 225w, https:\/\/sps19.kalisz.pl\/wp-content\/uploads\/2026\/04\/247913ee-a474-466f-b310-d8fac09a59d6-1152x1536.jpg 1152w, https:\/\/sps19.kalisz.pl\/wp-content\/uploads\/2026\/04\/247913ee-a474-466f-b310-d8fac09a59d6.jpg 1200w\" sizes=\"(max-width: 768px) 100vw, 768px\" \/><\/figure>\n\n\n\n<figure class=\"wp-block-image size-large\"><img loading=\"lazy\" decoding=\"async\" width=\"768\" height=\"1024\" data-id=\"13495\" src=\"https:\/\/sps19.kalisz.pl\/wp-content\/uploads\/2026\/04\/2b6e49d7-b6b5-4b5c-b366-296ade5c5af3-768x1024.jpg\" alt=\"\" class=\"wp-image-13495\" srcset=\"https:\/\/sps19.kalisz.pl\/wp-content\/uploads\/2026\/04\/2b6e49d7-b6b5-4b5c-b366-296ade5c5af3-768x1024.jpg 768w, https:\/\/sps19.kalisz.pl\/wp-content\/uploads\/2026\/04\/2b6e49d7-b6b5-4b5c-b366-296ade5c5af3-225x300.jpg 225w, https:\/\/sps19.kalisz.pl\/wp-content\/uploads\/2026\/04\/2b6e49d7-b6b5-4b5c-b366-296ade5c5af3-1152x1536.jpg 1152w, https:\/\/sps19.kalisz.pl\/wp-content\/uploads\/2026\/04\/2b6e49d7-b6b5-4b5c-b366-296ade5c5af3.jpg 1536w\" sizes=\"(max-width: 768px) 100vw, 768px\" \/><\/figure>\n\n\n\n<figure class=\"wp-block-image size-large\"><img loading=\"lazy\" decoding=\"async\" width=\"768\" height=\"1024\" data-id=\"13499\" src=\"https:\/\/sps19.kalisz.pl\/wp-content\/uploads\/2026\/04\/37f9f0d5-b89d-4f8b-bef7-b56d1dcbd2b9-768x1024.jpg\" alt=\"\" class=\"wp-image-13499\" srcset=\"https:\/\/sps19.kalisz.pl\/wp-content\/uploads\/2026\/04\/37f9f0d5-b89d-4f8b-bef7-b56d1dcbd2b9-768x1024.jpg 768w, https:\/\/sps19.kalisz.pl\/wp-content\/uploads\/2026\/04\/37f9f0d5-b89d-4f8b-bef7-b56d1dcbd2b9-225x300.jpg 225w, https:\/\/sps19.kalisz.pl\/wp-content\/uploads\/2026\/04\/37f9f0d5-b89d-4f8b-bef7-b56d1dcbd2b9-1152x1536.jpg 1152w, https:\/\/sps19.kalisz.pl\/wp-content\/uploads\/2026\/04\/37f9f0d5-b89d-4f8b-bef7-b56d1dcbd2b9.jpg 1536w\" sizes=\"(max-width: 768px) 100vw, 768px\" \/><\/figure>\n\n\n\n<figure class=\"wp-block-image size-large\"><img loading=\"lazy\" decoding=\"async\" width=\"768\" height=\"1024\" data-id=\"13494\" src=\"https:\/\/sps19.kalisz.pl\/wp-content\/uploads\/2026\/04\/ecc54e58-e86a-416c-8956-480e68d6e61d-768x1024.jpg\" alt=\"\" class=\"wp-image-13494\" srcset=\"https:\/\/sps19.kalisz.pl\/wp-content\/uploads\/2026\/04\/ecc54e58-e86a-416c-8956-480e68d6e61d-768x1024.jpg 768w, https:\/\/sps19.kalisz.pl\/wp-content\/uploads\/2026\/04\/ecc54e58-e86a-416c-8956-480e68d6e61d-225x300.jpg 225w, https:\/\/sps19.kalisz.pl\/wp-content\/uploads\/2026\/04\/ecc54e58-e86a-416c-8956-480e68d6e61d-1152x1536.jpg 1152w, https:\/\/sps19.kalisz.pl\/wp-content\/uploads\/2026\/04\/ecc54e58-e86a-416c-8956-480e68d6e61d.jpg 1536w\" sizes=\"(max-width: 768px) 100vw, 768px\" \/><\/figure>\n\n\n\n<figure class=\"wp-block-image size-large\"><img loading=\"lazy\" decoding=\"async\" width=\"768\" height=\"1024\" data-id=\"13493\" src=\"https:\/\/sps19.kalisz.pl\/wp-content\/uploads\/2026\/04\/80ac8efd-6d8a-4e05-86ce-a1fd91e33f87-768x1024.jpg\" alt=\"\" class=\"wp-image-13493\" srcset=\"https:\/\/sps19.kalisz.pl\/wp-content\/uploads\/2026\/04\/80ac8efd-6d8a-4e05-86ce-a1fd91e33f87-768x1024.jpg 768w, https:\/\/sps19.kalisz.pl\/wp-content\/uploads\/2026\/04\/80ac8efd-6d8a-4e05-86ce-a1fd91e33f87-225x300.jpg 225w, https:\/\/sps19.kalisz.pl\/wp-content\/uploads\/2026\/04\/80ac8efd-6d8a-4e05-86ce-a1fd91e33f87-1152x1536.jpg 1152w, https:\/\/sps19.kalisz.pl\/wp-content\/uploads\/2026\/04\/80ac8efd-6d8a-4e05-86ce-a1fd91e33f87.jpg 1536w\" sizes=\"(max-width: 768px) 100vw, 768px\" \/><\/figure>\n\n\n\n<figure class=\"wp-block-image size-large\"><img loading=\"lazy\" decoding=\"async\" width=\"768\" height=\"1024\" data-id=\"13492\" src=\"https:\/\/sps19.kalisz.pl\/wp-content\/uploads\/2026\/04\/a843fce2-2d82-41e3-b0d6-c815f5ab8436-768x1024.jpg\" alt=\"\" class=\"wp-image-13492\" srcset=\"https:\/\/sps19.kalisz.pl\/wp-content\/uploads\/2026\/04\/a843fce2-2d82-41e3-b0d6-c815f5ab8436-768x1024.jpg 768w, https:\/\/sps19.kalisz.pl\/wp-content\/uploads\/2026\/04\/a843fce2-2d82-41e3-b0d6-c815f5ab8436-225x300.jpg 225w, https:\/\/sps19.kalisz.pl\/wp-content\/uploads\/2026\/04\/a843fce2-2d82-41e3-b0d6-c815f5ab8436-1152x1536.jpg 1152w, https:\/\/sps19.kalisz.pl\/wp-content\/uploads\/2026\/04\/a843fce2-2d82-41e3-b0d6-c815f5ab8436.jpg 1536w\" sizes=\"(max-width: 768px) 100vw, 768px\" \/><\/figure>\n\n\n\n<figure class=\"wp-block-image size-large\"><img loading=\"lazy\" decoding=\"async\" width=\"768\" height=\"1024\" data-id=\"13500\" src=\"https:\/\/sps19.kalisz.pl\/wp-content\/uploads\/2026\/04\/2b57db51-a388-4ac3-b29e-218b3ac48f3d-768x1024.jpg\" alt=\"\" class=\"wp-image-13500\" srcset=\"https:\/\/sps19.kalisz.pl\/wp-content\/uploads\/2026\/04\/2b57db51-a388-4ac3-b29e-218b3ac48f3d-768x1024.jpg 768w, https:\/\/sps19.kalisz.pl\/wp-content\/uploads\/2026\/04\/2b57db51-a388-4ac3-b29e-218b3ac48f3d-225x300.jpg 225w, https:\/\/sps19.kalisz.pl\/wp-content\/uploads\/2026\/04\/2b57db51-a388-4ac3-b29e-218b3ac48f3d-1152x1536.jpg 1152w, https:\/\/sps19.kalisz.pl\/wp-content\/uploads\/2026\/04\/2b57db51-a388-4ac3-b29e-218b3ac48f3d.jpg 1536w\" sizes=\"(max-width: 768px) 100vw, 768px\" \/><\/figure>\n\n\n\n<figure class=\"wp-block-image size-large\"><img loading=\"lazy\" decoding=\"async\" width=\"768\" height=\"1024\" data-id=\"13501\" src=\"https:\/\/sps19.kalisz.pl\/wp-content\/uploads\/2026\/04\/b8a246cc-87fd-4ead-ba93-5440c1c1f04f-768x1024.jpg\" alt=\"\" class=\"wp-image-13501\" srcset=\"https:\/\/sps19.kalisz.pl\/wp-content\/uploads\/2026\/04\/b8a246cc-87fd-4ead-ba93-5440c1c1f04f-768x1024.jpg 768w, https:\/\/sps19.kalisz.pl\/wp-content\/uploads\/2026\/04\/b8a246cc-87fd-4ead-ba93-5440c1c1f04f-225x300.jpg 225w, https:\/\/sps19.kalisz.pl\/wp-content\/uploads\/2026\/04\/b8a246cc-87fd-4ead-ba93-5440c1c1f04f-1152x1536.jpg 1152w, https:\/\/sps19.kalisz.pl\/wp-content\/uploads\/2026\/04\/b8a246cc-87fd-4ead-ba93-5440c1c1f04f.jpg 1536w\" sizes=\"(max-width: 768px) 100vw, 768px\" \/><\/figure>\n<\/figure>\n","protected":false},"excerpt":{"rendered":"<p>\u015awietlica szkolna w naszej szkole specjalnej pe\u0142ni wa\u017cn\u0105 funkcj\u0119 opieku\u0144czo-wychowawcz\u0105, zapewniaj\u0105c uczniom bezpieczne i przyjazne miejsce przed rozpocz\u0119ciem zaj\u0119\u0107 oraz po ich zako\u0144czeniu. Jest czynna codziennie w godzinach od 6:30 do 17:00, dostosowuj\u0105c swoj\u0105 dzia\u0142alno\u015b\u0107 do potrzeb uczni\u00f3w i ich&#8230; <a href=\"https:\/\/sps19.kalisz.pl\/index.php\/organizacja\/swietlica-szkolna\/\" class=\"readmore\">Dowiedz si\u0119 wi\u0119cej<span class=\"screen-reader-text\">\u015awietlica szkolna<\/span><span class=\"fa fa-angle-double-right\" aria-hidden=\"true\"><\/span><\/a><\/p>\n","protected":false},"author":1,"featured_media":0,"parent":27,"menu_order":7,"comment_status":"closed","ping_status":"closed","template":"template\/full-width.php","meta":{"footnotes":""},"class_list":["post-401","page","type-page","status-publish","hentry"],"_links":{"self":[{"href":"https:\/\/sps19.kalisz.pl\/index.php\/wp-json\/wp\/v2\/pages\/401","targetHints":{"allow":["GET"]}}],"collection":[{"href":"https:\/\/sps19.kalisz.pl\/index.php\/wp-json\/wp\/v2\/pages"}],"about":[{"href":"https:\/\/sps19.kalisz.pl\/index.php\/wp-json\/wp\/v2\/types\/page"}],"author":[{"embeddable":true,"href":"https:\/\/sps19.kalisz.pl\/index.php\/wp-json\/wp\/v2\/users\/1"}],"replies":[{"embeddable":true,"href":"https:\/\/sps19.kalisz.pl\/index.php\/wp-json\/wp\/v2\/comments?post=401"}],"version-history":[{"count":38,"href":"https:\/\/sps19.kalisz.pl\/index.php\/wp-json\/wp\/v2\/pages\/401\/revisions"}],"predecessor-version":[{"id":13506,"href":"https:\/\/sps19.kalisz.pl\/index.php\/wp-json\/wp\/v2\/pages\/401\/revisions\/13506"}],"up":[{"embeddable":true,"href":"https:\/\/sps19.kalisz.pl\/index.php\/wp-json\/wp\/v2\/pages\/27"}],"wp:attachment":[{"href":"https:\/\/sps19.kalisz.pl\/index.php\/wp-json\/wp\/v2\/media?parent=401"}],"curies":[{"name":"wp","href":"https:\/\/api.w.org\/{rel}","templated":true}]}}