{"id":5,"date":"2019-08-30T14:24:52","date_gmt":"2019-08-30T12:24:52","guid":{"rendered":"http:\/\/sps19.kalisz.pl\/?page_id=5"},"modified":"2026-04-07T19:53:23","modified_gmt":"2026-04-07T17:53:23","slug":"strona-glowna","status":"publish","type":"page","link":"https:\/\/sps19.kalisz.pl\/","title":{"rendered":"Strona g\u0142\u00f3wna"},"content":{"rendered":"<div class=\"wp-block-image\">\n<figure class=\"aligncenter size-large\"><img fetchpriority=\"high\" decoding=\"async\" width=\"1024\" height=\"98\" src=\"https:\/\/sps19.kalisz.pl\/wp-content\/uploads\/2026\/02\/procent-1024x98.png\" alt=\"\" class=\"wp-image-13192\" srcset=\"https:\/\/sps19.kalisz.pl\/wp-content\/uploads\/2026\/02\/procent-1024x98.png 1024w, https:\/\/sps19.kalisz.pl\/wp-content\/uploads\/2026\/02\/procent-300x29.png 300w, https:\/\/sps19.kalisz.pl\/wp-content\/uploads\/2026\/02\/procent-768x74.png 768w, https:\/\/sps19.kalisz.pl\/wp-content\/uploads\/2026\/02\/procent.png 1065w\" sizes=\"(max-width: 1024px) 100vw, 1024px\" \/><\/figure>\n<\/div>\n\n<div class=\"wp-block-image\">\n<figure class=\"aligncenter size-large\"><img decoding=\"async\" width=\"1024\" height=\"288\" src=\"https:\/\/sps19.kalisz.pl\/wp-content\/uploads\/2026\/01\/1-5procent-1024x288.png\" alt=\"\" class=\"wp-image-12911\" srcset=\"https:\/\/sps19.kalisz.pl\/wp-content\/uploads\/2026\/01\/1-5procent-1024x288.png 1024w, https:\/\/sps19.kalisz.pl\/wp-content\/uploads\/2026\/01\/1-5procent-300x84.png 300w, https:\/\/sps19.kalisz.pl\/wp-content\/uploads\/2026\/01\/1-5procent-768x216.png 768w, https:\/\/sps19.kalisz.pl\/wp-content\/uploads\/2026\/01\/1-5procent.png 1280w\" sizes=\"(max-width: 1024px) 100vw, 1024px\" \/><\/figure>\n<\/div>\n\n\n<iframe src=\"https:\/\/source.ngs.edu.pl\/\/preview\/e7HWkgAkWZecLSQ2zO6C0yCAkfGf4UsOxsRNrqosNRdqiR3o\/\" width=\"800\" height=\"425\"><\/iframe>\n\n\n\n<p class=\"has-vivid-cyan-blue-color has-text-color has-background has-link-color has-medium-font-size wp-elements-6dbac724177a341f53094222b34e271f\" style=\"background-color:#f1f5f9\">Nasza Szko\u0142a bierze udzia\u0142 w Projekcie <strong>&#8222;Godzina dla m\u0142odych g\u0142\u00f3w&#8221;<\/strong><\/p>\n\n\n<div class=\"wp-block-image\">\n<figure class=\"aligncenter size-large\"><img decoding=\"async\" width=\"1024\" height=\"575\" src=\"https:\/\/sps19.kalisz.pl\/wp-content\/uploads\/2025\/01\/Mlode_Glowy-Facebook_cover-v14102024-1024x575.jpg\" alt=\"\" class=\"wp-image-11526\" srcset=\"https:\/\/sps19.kalisz.pl\/wp-content\/uploads\/2025\/01\/Mlode_Glowy-Facebook_cover-v14102024-1024x575.jpg 1024w, https:\/\/sps19.kalisz.pl\/wp-content\/uploads\/2025\/01\/Mlode_Glowy-Facebook_cover-v14102024-300x168.jpg 300w, https:\/\/sps19.kalisz.pl\/wp-content\/uploads\/2025\/01\/Mlode_Glowy-Facebook_cover-v14102024-768x431.jpg 768w, https:\/\/sps19.kalisz.pl\/wp-content\/uploads\/2025\/01\/Mlode_Glowy-Facebook_cover-v14102024-1536x863.jpg 1536w, https:\/\/sps19.kalisz.pl\/wp-content\/uploads\/2025\/01\/Mlode_Glowy-Facebook_cover-v14102024-2048x1150.jpg 2048w, https:\/\/sps19.kalisz.pl\/wp-content\/uploads\/2025\/01\/Mlode_Glowy-Facebook_cover-v14102024-660x371.jpg 660w\" sizes=\"(max-width: 1024px) 100vw, 1024px\" \/><\/figure>\n<\/div>\n\n\n<p>Jest to program profilaktyczny, kt\u00f3ry ma na celu wsparcie dzieci i m\u0142odzie\u017cy, a tak\u017ce nauczycieli i nauczycielek w dzia\u0142aniach z obszaru profilaktyki zdrowia psychicznego. <a href=\"https:\/\/sps19.kalisz.pl\/index.php\/godzina-dla-mlodych-glow\/\">Zobacz wi\u0119cej&#8230;<\/a><\/p>\n\n\n\n<figure class=\"wp-block-video aligncenter\"><video height=\"600\" style=\"aspect-ratio: 1066 \/ 600;\" width=\"1066\" controls src=\"https:\/\/sps19.kalisz.pl\/wp-content\/uploads\/2025\/03\/Ty-sie-nie-zmieniaj.mp4\"><\/video><\/figure>\n\n\n\n<figure class=\"wp-block-embed is-type-video is-provider-youtube wp-block-embed-youtube wp-embed-aspect-16-9 wp-has-aspect-ratio\"><div class=\"wp-block-embed__wrapper\">\n<iframe title=\"SPS 19 w Kaliszu Feat. MEZO - R\u00f3\u017cni\" width=\"800\" height=\"450\" src=\"https:\/\/www.youtube.com\/embed\/AbvdRE9yC0U?feature=oembed\" frameborder=\"0\" allow=\"accelerometer; autoplay; clipboard-write; encrypted-media; gyroscope; picture-in-picture; web-share\" referrerpolicy=\"strict-origin-when-cross-origin\" allowfullscreen><\/iframe>\n<\/div><\/figure>\n\n\n\n<figure class=\"wp-block-video aligncenter\"><video height=\"480\" style=\"aspect-ratio: 850 \/ 480;\" width=\"850\" controls src=\"https:\/\/sps19.kalisz.pl\/wp-content\/uploads\/2022\/03\/Dla-Ukrainy.mp4\"><\/video><\/figure>\n","protected":false},"excerpt":{"rendered":"<p>Nasza Szko\u0142a bierze udzia\u0142 w Projekcie &#8222;Godzina dla m\u0142odych g\u0142\u00f3w&#8221; Jest to program profilaktyczny, kt\u00f3ry ma na celu wsparcie dzieci i m\u0142odzie\u017cy, a tak\u017ce nauczycieli i nauczycielek w dzia\u0142aniach z obszaru profilaktyki zdrowia psychicznego. Zobacz wi\u0119cej&#8230;<\/p>\n","protected":false},"author":1,"featured_media":0,"parent":0,"menu_order":0,"comment_status":"closed","ping_status":"closed","template":"","meta":{"footnotes":""},"class_list":["post-5","page","type-page","status-publish","hentry"],"_links":{"self":[{"href":"https:\/\/sps19.kalisz.pl\/index.php\/wp-json\/wp\/v2\/pages\/5","targetHints":{"allow":["GET"]}}],"collection":[{"href":"https:\/\/sps19.kalisz.pl\/index.php\/wp-json\/wp\/v2\/pages"}],"about":[{"href":"https:\/\/sps19.kalisz.pl\/index.php\/wp-json\/wp\/v2\/types\/page"}],"author":[{"embeddable":true,"href":"https:\/\/sps19.kalisz.pl\/index.php\/wp-json\/wp\/v2\/users\/1"}],"replies":[{"embeddable":true,"href":"https:\/\/sps19.kalisz.pl\/index.php\/wp-json\/wp\/v2\/comments?post=5"}],"version-history":[{"count":312,"href":"https:\/\/sps19.kalisz.pl\/index.php\/wp-json\/wp\/v2\/pages\/5\/revisions"}],"predecessor-version":[{"id":13460,"href":"https:\/\/sps19.kalisz.pl\/index.php\/wp-json\/wp\/v2\/pages\/5\/revisions\/13460"}],"wp:attachment":[{"href":"https:\/\/sps19.kalisz.pl\/index.php\/wp-json\/wp\/v2\/media?parent=5"}],"curies":[{"name":"wp","href":"https:\/\/api.w.org\/{rel}","templated":true}]}}