{"id":5460,"date":"2020-06-03T13:13:25","date_gmt":"2020-06-03T11:13:25","guid":{"rendered":"http:\/\/sps19.kalisz.pl\/?page_id=5460"},"modified":"2026-01-29T17:24:28","modified_gmt":"2026-01-29T16:24:28","slug":"ankiety-2","status":"publish","type":"page","link":"https:\/\/sps19.kalisz.pl\/index.php\/ankiety-2\/","title":{"rendered":"ANKIETY"},"content":{"rendered":"\n<p style=\"font-size:24px\"><a href=\"https:\/\/www.survio.com\/survey\/d\/J2P3M0O4M2J8N9O5J\" target=\"_blank\" rel=\"noreferrer noopener\">11-06-2021 ANKIETA DLA UCZNI\u00d3W<\/a><\/p>\n\n\n\n<p style=\"font-size:24px\"><a rel=\"noreferrer noopener\" href=\"https:\/\/forms.gle\/zpv5BDQUwbznMoAa7\" target=\"_blank\">ANKIETA DLA RODZIC\u00d3W<\/a><\/p>\n\n\n\n<p style=\"font-size:24px\"><a rel=\"noreferrer noopener\" href=\"https:\/\/forms.gle\/gRhgsDeNQTZCV1Da9\" target=\"_blank\">ANKIETA DLA UCZNI\u00d3W B\u0118D\u0104CYCH NA ZDALNYM NAUCZANIU<\/a><\/p>\n\n\n\n<p style=\"font-size:24px\"><a href=\"https:\/\/forms.gle\/USyLwCttrpYhXG9f7\" target=\"_blank\" rel=\"noreferrer noopener\">ANKIETA DLA NAUCZYCIELI&nbsp;<\/a><\/p>\n\n\n\n<p><\/p>\n\n\n\n<p><strong>Wykorzystanie w procesach edukacyjnych narz\u0119dzi i zasob\u00f3w cyfrowych oraz metod kszta\u0142cenia na odleg\u0142o\u015b\u0107. Bezpieczne i efektywne korzystanie z technologii cyfrowych.<\/strong><\/p>\n\n\n\n<p>\u00a0<\/p>\n\n\n\n<p class=\"has-background\" style=\"background-color:#d7eaf9;font-size:24px\"><a href=\"https:\/\/forms.gle\/fbaUpJiKdvV8qx6E8\" target=\"_blank\" rel=\"noreferrer noopener\">ANKIETA DLA NAUCZYCIELI<\/a><\/p>\n\n\n\n<p class=\"has-background\" style=\"background-color:#d7eaf9;font-size:24px\"><a href=\"https:\/\/forms.gle\/dk3WjyY7B4vEhvta9\" target=\"_blank\" rel=\"noreferrer noopener\">ANKIETA DLA UCZNI\u00d3W<\/a><\/p>\n\n\n\n<p class=\"has-text-align-center has-vivid-red-color has-text-color has-medium-font-size\">________________________________________<\/p>\n\n\n\n<p class=\"has-background\" style=\"background-color:#ffe292;font-size:24px\"><strong><a rel=\"noreferrer noopener\" href=\"https:\/\/www.survio.com\/survey\/d\/M8L9V8F8L9G2D0Q1F\" target=\"_blank\">ANKIETA DLA NAUCZYCIELI<\/a><\/strong><\/p>\n\n\n\n<p class=\"has-background\" style=\"background-color:#ffe292;font-size:24px\"><strong><a rel=\"noreferrer noopener\" href=\"https:\/\/www.survio.com\/survey\/d\/J7F5N7S5K3B9D3N8F\" target=\"_blank\">ANKIETA DLA UCZNI\u00d3W<\/a><a href=\"https:\/\/www.survio.com\/survey\/d\/J7F5N7S5K3B9D3N8F\" target=\"_blank\" rel=\"noreferrer noopener\"> <\/a><a rel=\"noreferrer noopener\" href=\"https:\/\/www.survio.com\/survey\/d\/J7F5N7S5K3B9D3N8F\" target=\"_blank\">DOTYCZ\u0104CA NAUKI ZDALNEJ KLAS 4-8<\/a><\/strong><\/p>\n\n\n\n<p class=\"has-background\" style=\"background-color:#ffe292;font-size:24px\"><strong><a href=\"https:\/\/www.survio.com\/survey\/d\/D1P6C5D9Y4F6U2N0Z\" target=\"_blank\" rel=\"noreferrer noopener\">ANKIETA <strong>DLA RODZIC\u00d3W<\/strong> DOTYCZ\u0104CA NAUKI ZDALNEJ <\/a><\/strong><\/p>\n\n\n\n<p class=\"has-background\" style=\"background-color:#ffe292;font-size:24px\"><strong><a rel=\"noreferrer noopener\" href=\"https:\/\/www.survio.com\/survey\/d\/V8G9G3I2U9M2X8Q2Y\" target=\"_blank\">ANKIETA DLA UCZNI\u00d3W DOTYCZ\u0104CA PROGRAMU WYCHOWANIA<\/a><a href=\"https:\/\/www.survio.com\/survey\/d\/V8G9G3I2U9M2X8Q2Y\" target=\"_blank\" rel=\"noreferrer noopener\"> <\/a><a rel=\"noreferrer noopener\" href=\"https:\/\/www.survio.com\/survey\/d\/V8G9G3I2U9M2X8Q2Y\" target=\"_blank\">PROFILAKTYCZNEGO<\/a><\/strong><\/p>\n\n\n\n<p class=\"has-background\" style=\"background-color:#ffe292;font-size:24px\"><strong><a href=\"https:\/\/www.survio.com\/survey\/d\/T3B0P4K2I5S7G5A2M\" target=\"_blank\" rel=\"noreferrer noopener\">ANKIETA DLA RODZIC\u00d3W DOTYCZ\u0104CA DZIA\u0141A\u0143 W ZAKRESIE WYCHOWANIA I PROFILAKTYKI W SZKOLE<\/a><\/strong><\/p>\n","protected":false},"excerpt":{"rendered":"<p>11-06-2021 ANKIETA DLA UCZNI\u00d3W ANKIETA DLA RODZIC\u00d3W ANKIETA DLA UCZNI\u00d3W B\u0118D\u0104CYCH NA ZDALNYM NAUCZANIU ANKIETA DLA NAUCZYCIELI&nbsp; Wykorzystanie w procesach edukacyjnych narz\u0119dzi i zasob\u00f3w cyfrowych oraz metod kszta\u0142cenia na odleg\u0142o\u015b\u0107. Bezpieczne i efektywne korzystanie z technologii cyfrowych. \u00a0 ANKIETA DLA&#8230; <a href=\"https:\/\/sps19.kalisz.pl\/index.php\/ankiety-2\/\" class=\"readmore\">Dowiedz si\u0119 wi\u0119cej<span class=\"screen-reader-text\">ANKIETY<\/span><span class=\"fa fa-angle-double-right\" aria-hidden=\"true\"><\/span><\/a><\/p>\n","protected":false},"author":1,"featured_media":0,"parent":0,"menu_order":0,"comment_status":"closed","ping_status":"closed","template":"","meta":{"footnotes":""},"class_list":["post-5460","page","type-page","status-publish","hentry"],"_links":{"self":[{"href":"https:\/\/sps19.kalisz.pl\/index.php\/wp-json\/wp\/v2\/pages\/5460","targetHints":{"allow":["GET"]}}],"collection":[{"href":"https:\/\/sps19.kalisz.pl\/index.php\/wp-json\/wp\/v2\/pages"}],"about":[{"href":"https:\/\/sps19.kalisz.pl\/index.php\/wp-json\/wp\/v2\/types\/page"}],"author":[{"embeddable":true,"href":"https:\/\/sps19.kalisz.pl\/index.php\/wp-json\/wp\/v2\/users\/1"}],"replies":[{"embeddable":true,"href":"https:\/\/sps19.kalisz.pl\/index.php\/wp-json\/wp\/v2\/comments?post=5460"}],"version-history":[{"count":11,"href":"https:\/\/sps19.kalisz.pl\/index.php\/wp-json\/wp\/v2\/pages\/5460\/revisions"}],"predecessor-version":[{"id":13091,"href":"https:\/\/sps19.kalisz.pl\/index.php\/wp-json\/wp\/v2\/pages\/5460\/revisions\/13091"}],"wp:attachment":[{"href":"https:\/\/sps19.kalisz.pl\/index.php\/wp-json\/wp\/v2\/media?parent=5460"}],"curies":[{"name":"wp","href":"https:\/\/api.w.org\/{rel}","templated":true}]}}