{"id":6186,"date":"2020-10-26T08:54:06","date_gmt":"2020-10-26T07:54:06","guid":{"rendered":"http:\/\/sps19.kalisz.pl\/?page_id=6186"},"modified":"2021-04-21T19:24:25","modified_gmt":"2021-04-21T17:24:25","slug":"kolo-odkrywcow-swiata-2020-2021","status":"publish","type":"page","link":"https:\/\/sps19.kalisz.pl\/index.php\/kolo-odkrywcow-swiata-2020-2021\/","title":{"rendered":"Ko\u0142o Odkrywc\u00f3w \u015awiata 2020\/2021"},"content":{"rendered":"\n<p class=\"has-text-align-center has-white-color has-vivid-cyan-blue-background-color has-text-color has-background\" style=\"font-size:30px\"><strong>NASZA GALERIA<\/strong><\/p>\n\n\n\n<figure class=\"wp-block-gallery columns-3 is-cropped wp-block-gallery-1 is-layout-flex wp-block-gallery-is-layout-flex\"><ul class=\"blocks-gallery-grid\"><li class=\"blocks-gallery-item\"><figure><img decoding=\"async\" src=\"https:\/\/sps19.kalisz.pl\/wp-content\/uploads\/2021\/04\/IMG_4107.jpg\" alt=\"\" data-id=\"8031\" data-full-url=\"https:\/\/sps19.kalisz.pl\/wp-content\/uploads\/2021\/04\/IMG_4107.jpg\" data-link=\"https:\/\/sps19.kalisz.pl\/index.php\/kolo-odkrywcow-swiata\/img_4107\/\" class=\"wp-image-8031\"\/><\/figure><\/li><li class=\"blocks-gallery-item\"><figure><img decoding=\"async\" src=\"https:\/\/sps19.kalisz.pl\/wp-content\/uploads\/2021\/04\/IMG_4108.jpg\" alt=\"\" data-id=\"8032\" data-full-url=\"https:\/\/sps19.kalisz.pl\/wp-content\/uploads\/2021\/04\/IMG_4108.jpg\" data-link=\"https:\/\/sps19.kalisz.pl\/index.php\/kolo-odkrywcow-swiata\/img_4108\/\" class=\"wp-image-8032\"\/><\/figure><\/li><li class=\"blocks-gallery-item\"><figure><img decoding=\"async\" src=\"https:\/\/sps19.kalisz.pl\/wp-content\/uploads\/2021\/04\/IMG_4109.jpg\" alt=\"\" data-id=\"8033\" data-full-url=\"https:\/\/sps19.kalisz.pl\/wp-content\/uploads\/2021\/04\/IMG_4109.jpg\" data-link=\"https:\/\/sps19.kalisz.pl\/index.php\/kolo-odkrywcow-swiata\/img_4109\/\" class=\"wp-image-8033\"\/><\/figure><\/li><li class=\"blocks-gallery-item\"><figure><img decoding=\"async\" src=\"https:\/\/sps19.kalisz.pl\/wp-content\/uploads\/2021\/04\/IMG_4105.jpg\" alt=\"\" data-id=\"8029\" data-full-url=\"https:\/\/sps19.kalisz.pl\/wp-content\/uploads\/2021\/04\/IMG_4105.jpg\" data-link=\"https:\/\/sps19.kalisz.pl\/index.php\/kolo-odkrywcow-swiata\/img_4105\/\" class=\"wp-image-8029\"\/><\/figure><\/li><li class=\"blocks-gallery-item\"><figure><img decoding=\"async\" src=\"https:\/\/sps19.kalisz.pl\/wp-content\/uploads\/2021\/04\/IMG_4106.jpg\" alt=\"\" data-id=\"8030\" data-full-url=\"https:\/\/sps19.kalisz.pl\/wp-content\/uploads\/2021\/04\/IMG_4106.jpg\" data-link=\"https:\/\/sps19.kalisz.pl\/index.php\/kolo-odkrywcow-swiata\/img_4106\/\" class=\"wp-image-8030\"\/><\/figure><\/li><li class=\"blocks-gallery-item\"><figure><img decoding=\"async\" src=\"https:\/\/sps19.kalisz.pl\/wp-content\/uploads\/2021\/04\/IMG_4104.jpg\" alt=\"\" data-id=\"8028\" data-full-url=\"https:\/\/sps19.kalisz.pl\/wp-content\/uploads\/2021\/04\/IMG_4104.jpg\" data-link=\"https:\/\/sps19.kalisz.pl\/index.php\/kolo-odkrywcow-swiata\/img_4104\/\" class=\"wp-image-8028\"\/><\/figure><\/li><li class=\"blocks-gallery-item\"><figure><img decoding=\"async\" src=\"https:\/\/sps19.kalisz.pl\/wp-content\/uploads\/2021\/04\/IMG_4102.jpg\" alt=\"\" data-id=\"8026\" data-full-url=\"https:\/\/sps19.kalisz.pl\/wp-content\/uploads\/2021\/04\/IMG_4102.jpg\" data-link=\"https:\/\/sps19.kalisz.pl\/index.php\/kolo-odkrywcow-swiata\/img_4102\/\" class=\"wp-image-8026\"\/><\/figure><\/li><li class=\"blocks-gallery-item\"><figure><img decoding=\"async\" src=\"https:\/\/sps19.kalisz.pl\/wp-content\/uploads\/2021\/04\/IMG_4103.jpg\" alt=\"\" data-id=\"8027\" data-full-url=\"https:\/\/sps19.kalisz.pl\/wp-content\/uploads\/2021\/04\/IMG_4103.jpg\" data-link=\"https:\/\/sps19.kalisz.pl\/index.php\/kolo-odkrywcow-swiata\/img_4103\/\" class=\"wp-image-8027\"\/><\/figure><\/li><li class=\"blocks-gallery-item\"><figure><img decoding=\"async\" src=\"https:\/\/sps19.kalisz.pl\/wp-content\/uploads\/2021\/04\/IMG_4101.jpg\" alt=\"\" data-id=\"8025\" data-full-url=\"https:\/\/sps19.kalisz.pl\/wp-content\/uploads\/2021\/04\/IMG_4101.jpg\" data-link=\"https:\/\/sps19.kalisz.pl\/index.php\/kolo-odkrywcow-swiata\/img_4101\/\" class=\"wp-image-8025\"\/><\/figure><\/li><li class=\"blocks-gallery-item\"><figure><img decoding=\"async\" src=\"https:\/\/sps19.kalisz.pl\/wp-content\/uploads\/2021\/04\/IMG_4099.jpg\" alt=\"\" data-id=\"8023\" data-full-url=\"https:\/\/sps19.kalisz.pl\/wp-content\/uploads\/2021\/04\/IMG_4099.jpg\" data-link=\"https:\/\/sps19.kalisz.pl\/index.php\/kolo-odkrywcow-swiata\/img_4099\/\" class=\"wp-image-8023\"\/><\/figure><\/li><li class=\"blocks-gallery-item\"><figure><img decoding=\"async\" src=\"https:\/\/sps19.kalisz.pl\/wp-content\/uploads\/2021\/04\/IMG_4100.jpg\" alt=\"\" data-id=\"8024\" data-full-url=\"https:\/\/sps19.kalisz.pl\/wp-content\/uploads\/2021\/04\/IMG_4100.jpg\" data-link=\"https:\/\/sps19.kalisz.pl\/index.php\/kolo-odkrywcow-swiata\/img_4100\/\" class=\"wp-image-8024\"\/><\/figure><\/li><li class=\"blocks-gallery-item\"><figure><img decoding=\"async\" src=\"https:\/\/sps19.kalisz.pl\/wp-content\/uploads\/2021\/04\/IMG_4097.jpg\" alt=\"\" data-id=\"8021\" data-full-url=\"https:\/\/sps19.kalisz.pl\/wp-content\/uploads\/2021\/04\/IMG_4097.jpg\" data-link=\"https:\/\/sps19.kalisz.pl\/index.php\/kolo-odkrywcow-swiata\/img_4097\/\" class=\"wp-image-8021\"\/><\/figure><\/li><li class=\"blocks-gallery-item\"><figure><img decoding=\"async\" src=\"https:\/\/sps19.kalisz.pl\/wp-content\/uploads\/2021\/04\/IMG_4096.jpg\" alt=\"\" data-id=\"8020\" data-full-url=\"https:\/\/sps19.kalisz.pl\/wp-content\/uploads\/2021\/04\/IMG_4096.jpg\" data-link=\"https:\/\/sps19.kalisz.pl\/index.php\/kolo-odkrywcow-swiata\/img_4096\/\" class=\"wp-image-8020\"\/><\/figure><\/li><li class=\"blocks-gallery-item\"><figure><img decoding=\"async\" src=\"https:\/\/sps19.kalisz.pl\/wp-content\/uploads\/2021\/04\/IMG_4098.jpg\" alt=\"\" data-id=\"8022\" data-full-url=\"https:\/\/sps19.kalisz.pl\/wp-content\/uploads\/2021\/04\/IMG_4098.jpg\" data-link=\"https:\/\/sps19.kalisz.pl\/index.php\/kolo-odkrywcow-swiata\/img_4098\/\" class=\"wp-image-8022\"\/><\/figure><\/li><li class=\"blocks-gallery-item\"><figure><img decoding=\"async\" src=\"https:\/\/sps19.kalisz.pl\/wp-content\/uploads\/2021\/04\/IMG_4094.jpg\" alt=\"\" data-id=\"8018\" data-full-url=\"https:\/\/sps19.kalisz.pl\/wp-content\/uploads\/2021\/04\/IMG_4094.jpg\" data-link=\"https:\/\/sps19.kalisz.pl\/index.php\/kolo-odkrywcow-swiata\/img_4094\/\" class=\"wp-image-8018\"\/><\/figure><\/li><li class=\"blocks-gallery-item\"><figure><img decoding=\"async\" src=\"https:\/\/sps19.kalisz.pl\/wp-content\/uploads\/2021\/04\/IMG_4093.jpg\" alt=\"\" data-id=\"8017\" data-full-url=\"https:\/\/sps19.kalisz.pl\/wp-content\/uploads\/2021\/04\/IMG_4093.jpg\" data-link=\"https:\/\/sps19.kalisz.pl\/index.php\/kolo-odkrywcow-swiata\/img_4093\/\" class=\"wp-image-8017\"\/><\/figure><\/li><li class=\"blocks-gallery-item\"><figure><img decoding=\"async\" src=\"https:\/\/sps19.kalisz.pl\/wp-content\/uploads\/2021\/04\/IMG_4095.jpg\" alt=\"\" data-id=\"8019\" data-full-url=\"https:\/\/sps19.kalisz.pl\/wp-content\/uploads\/2021\/04\/IMG_4095.jpg\" data-link=\"https:\/\/sps19.kalisz.pl\/index.php\/kolo-odkrywcow-swiata\/img_4095\/\" class=\"wp-image-8019\"\/><\/figure><\/li><li class=\"blocks-gallery-item\"><figure><img decoding=\"async\" src=\"https:\/\/sps19.kalisz.pl\/wp-content\/uploads\/2021\/04\/IMG_4092.jpg\" alt=\"\" data-id=\"8016\" data-full-url=\"https:\/\/sps19.kalisz.pl\/wp-content\/uploads\/2021\/04\/IMG_4092.jpg\" data-link=\"https:\/\/sps19.kalisz.pl\/index.php\/kolo-odkrywcow-swiata\/img_4092\/\" class=\"wp-image-8016\"\/><\/figure><\/li><\/ul><\/figure>\n\n\n\n<p class=\"has-text-align-center has-white-color has-text-color has-background\" style=\"background-color:#084263;font-size:30px\"><strong>KO\u0141O ODKRYWC\u00d3W \u015aWIATA<\/strong><\/p>\n\n\n\n<p class=\"has-text-align-center has-white-color has-vivid-red-background-color has-text-color has-background\" style=\"font-size:25px\"><strong>ZADANIA NA ROK SZKOLNY 2020\/2021<\/strong><\/p>\n\n\n\n<div class=\"wp-block-image\"><figure class=\"aligncenter size-large\"><a href=\"https:\/\/drive.google.com\/drive\/folders\/12kG4ZucwCZIr2zgFThrg7hfaJyUbZtHy?usp=sharing\" target=\"_blank\" rel=\"noopener noreferrer\"><img fetchpriority=\"high\" decoding=\"async\" width=\"626\" height=\"366\" src=\"https:\/\/sps19.kalisz.pl\/wp-content\/uploads\/2020\/10\/KOS-2.jpg\" alt=\"\" class=\"wp-image-6187\" srcset=\"https:\/\/sps19.kalisz.pl\/wp-content\/uploads\/2020\/10\/KOS-2.jpg 626w, https:\/\/sps19.kalisz.pl\/wp-content\/uploads\/2020\/10\/KOS-2-300x175.jpg 300w\" sizes=\"(max-width: 626px) 100vw, 626px\" \/><\/a><\/figure><\/div>\n\n\n\n<p class=\"has-text-align-center has-white-color has-vivid-cyan-blue-background-color has-text-color has-background\" style=\"font-size:22px\"><strong><a href=\"https:\/\/sps19.kalisz.pl\/index.php\/kolo-odkrywcow-swiata\/\" target=\"_blank\" rel=\"noreferrer noopener\">DZIA\u0141ALNO\u015a\u0106 KO\u0141A W ROKU SZKOLNYM 2019\/2020<\/a><\/strong><\/p>\n","protected":false},"excerpt":{"rendered":"<p>NASZA GALERIA KO\u0141O ODKRYWC\u00d3W \u015aWIATA ZADANIA NA ROK SZKOLNY 2020\/2021 DZIA\u0141ALNO\u015a\u0106 KO\u0141A W ROKU SZKOLNYM 2019\/2020<\/p>\n","protected":false},"author":1,"featured_media":0,"parent":0,"menu_order":0,"comment_status":"closed","ping_status":"closed","template":"page-templates\/full-width.php","meta":{"footnotes":""},"class_list":["post-6186","page","type-page","status-publish","hentry"],"_links":{"self":[{"href":"https:\/\/sps19.kalisz.pl\/index.php\/wp-json\/wp\/v2\/pages\/6186","targetHints":{"allow":["GET"]}}],"collection":[{"href":"https:\/\/sps19.kalisz.pl\/index.php\/wp-json\/wp\/v2\/pages"}],"about":[{"href":"https:\/\/sps19.kalisz.pl\/index.php\/wp-json\/wp\/v2\/types\/page"}],"author":[{"embeddable":true,"href":"https:\/\/sps19.kalisz.pl\/index.php\/wp-json\/wp\/v2\/users\/1"}],"replies":[{"embeddable":true,"href":"https:\/\/sps19.kalisz.pl\/index.php\/wp-json\/wp\/v2\/comments?post=6186"}],"version-history":[{"count":2,"href":"https:\/\/sps19.kalisz.pl\/index.php\/wp-json\/wp\/v2\/pages\/6186\/revisions"}],"predecessor-version":[{"id":8037,"href":"https:\/\/sps19.kalisz.pl\/index.php\/wp-json\/wp\/v2\/pages\/6186\/revisions\/8037"}],"wp:attachment":[{"href":"https:\/\/sps19.kalisz.pl\/index.php\/wp-json\/wp\/v2\/media?parent=6186"}],"curies":[{"name":"wp","href":"https:\/\/api.w.org\/{rel}","templated":true}]}}