{"id":7664,"date":"2021-03-10T11:47:21","date_gmt":"2021-03-10T10:47:21","guid":{"rendered":"http:\/\/sps19.kalisz.pl\/?page_id=7664"},"modified":"2021-03-10T11:52:07","modified_gmt":"2021-03-10T10:52:07","slug":"ustawienia-prywatnosci-w-serwisach-spolecznosciowych","status":"publish","type":"page","link":"https:\/\/sps19.kalisz.pl\/index.php\/ustawienia-prywatnosci-w-serwisach-spolecznosciowych\/","title":{"rendered":"Ustawienia prywatno\u015bci w serwisach spo\u0142eczno\u015bciowych"},"content":{"rendered":"\n<p class=\"has-vivid-red-color has-text-color has-medium-font-size\"><a href=\"https:\/\/sps19.kalisz.pl\/wp-content\/uploads\/2021\/03\/Porada-ustawienia-prywatnosci-cz.I-final.pdf\" target=\"_blank\" rel=\"noreferrer noopener\">Zobacz prezentacj\u0119<\/a><\/p>\n","protected":false},"excerpt":{"rendered":"<p>Zobacz prezentacj\u0119<\/p>\n","protected":false},"author":2,"featured_media":0,"parent":0,"menu_order":0,"comment_status":"closed","ping_status":"closed","template":"page-templates\/full-width.php","meta":{"footnotes":""},"class_list":["post-7664","page","type-page","status-publish","hentry"],"_links":{"self":[{"href":"https:\/\/sps19.kalisz.pl\/index.php\/wp-json\/wp\/v2\/pages\/7664","targetHints":{"allow":["GET"]}}],"collection":[{"href":"https:\/\/sps19.kalisz.pl\/index.php\/wp-json\/wp\/v2\/pages"}],"about":[{"href":"https:\/\/sps19.kalisz.pl\/index.php\/wp-json\/wp\/v2\/types\/page"}],"author":[{"embeddable":true,"href":"https:\/\/sps19.kalisz.pl\/index.php\/wp-json\/wp\/v2\/users\/2"}],"replies":[{"embeddable":true,"href":"https:\/\/sps19.kalisz.pl\/index.php\/wp-json\/wp\/v2\/comments?post=7664"}],"version-history":[{"count":1,"href":"https:\/\/sps19.kalisz.pl\/index.php\/wp-json\/wp\/v2\/pages\/7664\/revisions"}],"predecessor-version":[{"id":7665,"href":"https:\/\/sps19.kalisz.pl\/index.php\/wp-json\/wp\/v2\/pages\/7664\/revisions\/7665"}],"wp:attachment":[{"href":"https:\/\/sps19.kalisz.pl\/index.php\/wp-json\/wp\/v2\/media?parent=7664"}],"curies":[{"name":"wp","href":"https:\/\/api.w.org\/{rel}","templated":true}]}}