{"id":7689,"date":"2021-03-11T11:44:04","date_gmt":"2021-03-11T10:44:04","guid":{"rendered":"http:\/\/sps19.kalisz.pl\/?page_id=7689"},"modified":"2023-02-07T22:26:39","modified_gmt":"2023-02-07T21:26:39","slug":"programy-nauczania","status":"publish","type":"page","link":"https:\/\/sps19.kalisz.pl\/index.php\/programy-nauczania\/","title":{"rendered":"Programy nauczania"},"content":{"rendered":"\n<p class=\"has-large-font-size\"><strong>Programy nauczania na rok szkolny 2022\/2023<\/strong><\/p>\n\n\n\n<p class=\"has-pale-cyan-blue-background-color has-background has-medium-font-size\"><strong>Klasa I-III<\/strong><\/p>\n\n\n\n<p><br>Elementarz odkrywc\u00f3w- autorzy: Ewa Hryszkiewicz, Barbara St\u0119pie\u0144<br>wydawnictwo Nowa Era<\/p>\n\n\n\n<p class=\"has-pale-cyan-blue-background-color has-background has-medium-font-size\"><strong>Klasa 4<\/strong><\/p>\n\n\n\n<p><br>Program nauczania przyrody w klasie 4 szko\u0142y podstawowej &#8221; Tajemnice przyrody&#8221; autor &#8211; Jolanta Golonko<br>Historia Tomasz Ma\u0107kowski. Program nauczania historii w klasach 4 ? 8 szko\u0142y podstawowej ,,Wczoraj i dzi\u015b?<br>Marlena Derlukiewicz ,,Nowe S\u0142owa na start!?? Program nauczania og\u00f3lnego j\u0119zyka polskiego w klasach IV ? VIII szko\u0142y podstawowej<br>Matematyka: ?Matematyka z kluczem? Marcin Braun, Agnieszka Ma\u0144kowska, Ma\u0142gorzata Paszy\u0144ska<br>Plastyka: ?Do dzie\u0142a? Jadwiga Lukas<br>Wychowanie do \u017cycia w rodzinie: ?W\u0119druj\u0105c ku doros\u0142o\u015bci? Teresa Kr\u00f3l<br>J\u0119zyk angielski: ? Hello Explorer 1? Dorota Sikora-Bansik, Jennifer Heath, Rebecca Adlard<br>Technika : ?Jak to dzia\u0142a? Lech \u0141abecki, Marta \u0141abecka<br>Informatyka: ? Lubi\u0119 to? Micha\u0142 K\u0119ska<br>Muzyka: ?Lekcja muzyki? Monika Gromek, Gra\u017cyna Kilbach<br>Religia: ? Miejsca pe\u0142ne bogactw? Bogus\u0142aw Nosek, El\u017cbieta Kondrak, Krzysztof Mielnicki<br>W-F Program nauczania wychowania fizycznego dla o\u015bmioletniej szko\u0142y podstawowej<\/p>\n\n\n\n<p class=\"has-pale-cyan-blue-background-color has-background has-medium-font-size\"><strong>Klasa 5<\/strong><\/p>\n\n\n\n<p><br>Historia Tomasz Ma\u0107kowski. Program nauczania historii w klasach 4 ? 8 szko\u0142y podstawowej ,,Wczoraj i dzi\u015b?<br>J\u0119zyk polski: ?Mi\u0119dzy nami? \u0141uczak Agnieszka, Murdzek Anna<br>Matematyka: ?Matematyka z kluczem? Marcin Braun, Agnieszka Ma\u0144kowska, Ma\u0142gorzata Paszy\u0144ska<br>Historia: ?Wczoraj i dzi\u015b? Grzegorz Wojciechowski<br>Plastyka: ?Do dzie\u0142a ? Jadwiga Lukas, Krystyna Onak<br>J\u0119zyk angielski: ? Hello Explorer 2? Jennifer Heath, Rebecca Adlard, Dorota Sikora-Bansik, Marta Mrozik<br>Biologia: ?Puls \u017cycia? Joanna Stawarz, Marian S\u0119ktas<br>Informatyka: ?Lubi\u0119 to? Micha\u0142 K\u0119ska<br>Technika: ?Jak to dzia\u0142a ? Lech \u0141abecki, Marta \u0141abecka<br>Geografia: ? Planeta nowa? Feliks Szlajfer, Roman Malarz, Tomasz Rachwa\u0142, Zbigniew Zaniewicz<br>Muzyka: ? Lekcja muzyki? Monika Gromek, Gra\u017cyna Kilbach<br>W-F Program nauczania wychowania fizycznego dla o\u015bmioletniej szko\u0142y podstawowej<\/p>\n\n\n\n<p class=\"has-pale-cyan-blue-background-color has-background has-medium-font-size\"><strong>Klasa 6<\/strong><\/p>\n\n\n\n<p><br>Joanna Piasta &#8211; Siechowicz, Agnieszka \u0141uczak, Anna Murdzek, Ewa Pryli\u0144ska ,,Mi\u0119dzy nami? Program nauczania j\u0119zyka polskiego w szkole podstawowej w klasach IV ? VIII<br>Historia: ?Wczoraj i dzi\u015b? Bogumi\u0142a Olszewska, Wies\u0142awa Surdyk &#8211; Fertsch, Grzegorz Wojciechowski<br>Matematyka: ?Matematyka z kluczem? Marcin Braun, Agnieszka Ma\u0144kowska, Ma\u0142gorzata Paszy\u0144ska<br>Biologia: ?Puls \u017cycia? Joanna Stawarz<br>Technika: ?Jak to dzia\u0142a ? Lech \u0141abecki, Marta \u0141abecka<br>Informatyka: ?Lubi\u0119 to? Micha\u0142 K\u0119ska<br>Plastyka: ?Do dzie\u0142a ? Jadwiga Lukas, Krystyna Onak<br>J\u0119zyk angielski: ? Hello Explorer 3? Jennifer Heath, Rebecca Dorota Adlard with Sikora<br>Muzyka: ? Lekcja muzyki? Monika Gromek, Gra\u017cyna Kilbach<br>Geografia: ?Planeta Nowa? Dawid Szczypi\u0144ski, Roman Malarz, Tomasz Rachwa\u0142<br>Religia: ? Tajemnice Bogatego \u017cycia? Krzysztof Mielnicki, El\u017cbieta Kondrak, Ewelina Parszewska<br>Wychowanie do \u017cycia w rodzinie: ?W\u0119druj\u0105c ku doros\u0142o\u015bci? Teresa Kr\u00f3l<br>W-F Program nauczania wychowania fizycznego dla o\u015bmioletniej szko\u0142y podstawowej<\/p>\n\n\n\n<p class=\"has-pale-cyan-blue-background-color has-background has-medium-font-size\"><strong>Klasa 7<\/strong><\/p>\n\n\n\n<p>Nowe s\u0142owa na start! Joanna Ko\u015bcierzy\u0144ska, Joanna Ginter, Katarzyna \u0141\u0119ka, Joanna Krzemi\u0144ska, Joanna Kostrzewa, Natalia Bielawska<br>Joanna Piasta &#8211; Siechowicz, Agnieszka \u0141uczak, Anna Murdzek, Ewa Pryli\u0144ska ,,Mi\u0119dzy nami? Program nauczania j\u0119zyka polskiego w szkole podstawowej w klasach IV ? VIII<br>Historia: ?Wczoraj i dzi\u015b? Jaros\u0142aw K\u0142aczkow, Anna \u0141aszkiewicz, Stanis\u0142aw Roszak<br>J\u0119zyk polski: ?Nowe s\u0142owa na start? Joanna Ko\u015bcierzy\u0144ska, Joanna Ginter, Katarzyna \u0141\u0119ka, Joanna Krzemi\u0144ska, Joanna Kostrzewa, Natalia Bielawska.<br>Matematyka: ?Matematyka z kluczem? Braun Marcin, Ma\u0144kowska Agnieszka, Paszy\u0144ska Ma\u0142gorzata, Janowicz Jerzy, Babia\u0144ski Wojciech, Ewa Szmytkiewicz, Wej Karolina<br>Chemia: ?Chemia nowej ery? Jan Kulawik, Teresa Kulawik, Maria Litwin<br>Biologia: ?Puls \u017cycia? Ma\u0142gorzata Jefimow<br>Geografia: ? Planeta nowa? Roman Malarz, Mariusz Szubert, Tomasz Rachwa\u0142<br>J\u0119zyk angielski: ?Junior Explorer 4? Jennifer Heath, Michele Crawford, Marta Mrozik, Katarzyna K\u0142opska<br>Informatyka: ?Lubi\u0119 to? Gra\u017cyna Koba<br>Plastyka: ?Do dzie\u0142a ? Ipczy\u0144ska Marta, Mrozkowiak Natalia<br>Fizyka: ? Spotkania z Fizyk\u0105? Francuz-Ornat Gra\u017cyna, Kulawik Teresa, Nowotny-R\u00f3\u017ca\u0144ska Maria<br>Wychowanie do \u017cycia w rodzinie: ?W\u0119druj\u0105c ku doros\u0142o\u015bci? Teresa Kr\u00f3l<br>W-F Program nauczania wychowania fizycznego dla o\u015bmioletniej szko\u0142y podstawowej<\/p>\n\n\n\n<p class=\"has-pale-cyan-blue-background-color has-background has-medium-font-size\"><strong>Klasa 8<\/strong><\/p>\n\n\n\n<p><br>J\u0119zyk polski: ?Mi\u0119dzy nami? Agnieszka \u0141uczak, Ewa Pryli\u0144ska, Kamila Krzemieniewska- Kleban, Agnieszka Suchowierska<br>Wiedza o spo\u0142ecze\u0144stwie : ?Dzi\u015b i jutro? Iwona Janicka, Arkadiusz Janicki, Aleksandra Kucia- Ma\u0107kowska, Tomasz Ma\u0107kowski<\/p>\n\n\n\n<p>Historia: ?Wczoraj i dzi\u015b? Robert \u015aniegocki, Agnieszka Zieli\u0144ska<br>Matematyka: ?Matematyka z kluczem? Marcin Braun, Agnieszka Ma\u0144kowska, Ma\u0142gorzata Paszy\u0144ska, Jerzy Janowicz, Wojciech Babia\u0144ski, Ewa Szmytkiewicz, Karolina Wej<br>Biologia: ?Puls \u017cycia? Andrzej Boczarowski, Beata S\u0105gin, Marian S\u0119ktas<br>Chemia: ?Chemia nowej ery? Jan Kulawik, Teresa Kulawik, Maria Litwin<br>Informatyka: ?Lubi\u0119 to? Gra\u017cyna Koba<br>Edukacja dla bezpiecze\u0144stwa: ?\u017byj\u0119 i dzia\u0142am bezpiecznie?<br>Fizyka: ? Spotkania z fizyk\u0105? Gra\u017cyna Francuz-Ornat, Maria Nowotny-R\u00f3\u017ca\u0144ska, Teresa Kulawik<br>Geografia: ? Planeta nowa? Tomasz Rachwa\u0142, Dawid Szczypi\u0144ski<br>Religia: ? B\u0142ogos\u0142awieni kt\u00f3rzy ufaj\u0105 Jezusowi? ks. dr Mielnicki Krzysztof, Kondrak El\u017cbieta, Parszewska Ewelina<br>W-F Program nauczania wychowania fizycznego dla o\u015bmioletniej szko\u0142y podstawowej<\/p>\n","protected":false},"excerpt":{"rendered":"<p>Programy nauczania na rok szkolny 2022\/2023 Klasa I-III Elementarz odkrywc\u00f3w- autorzy: Ewa Hryszkiewicz, Barbara St\u0119pie\u0144wydawnictwo Nowa Era Klasa 4 Program nauczania przyrody w klasie 4 szko\u0142y podstawowej &#8221; Tajemnice przyrody&#8221; autor &#8211; Jolanta GolonkoHistoria Tomasz Ma\u0107kowski. Program nauczania historii w&#8230; <a href=\"https:\/\/sps19.kalisz.pl\/index.php\/programy-nauczania\/\" class=\"readmore\">Dowiedz si\u0119 wi\u0119cej<span class=\"screen-reader-text\">Programy nauczania<\/span><span class=\"fa fa-angle-double-right\" aria-hidden=\"true\"><\/span><\/a><\/p>\n","protected":false},"author":1,"featured_media":0,"parent":0,"menu_order":0,"comment_status":"closed","ping_status":"closed","template":"page-templates\/full-width.php","meta":{"footnotes":""},"class_list":["post-7689","page","type-page","status-publish","hentry"],"_links":{"self":[{"href":"https:\/\/sps19.kalisz.pl\/index.php\/wp-json\/wp\/v2\/pages\/7689","targetHints":{"allow":["GET"]}}],"collection":[{"href":"https:\/\/sps19.kalisz.pl\/index.php\/wp-json\/wp\/v2\/pages"}],"about":[{"href":"https:\/\/sps19.kalisz.pl\/index.php\/wp-json\/wp\/v2\/types\/page"}],"author":[{"embeddable":true,"href":"https:\/\/sps19.kalisz.pl\/index.php\/wp-json\/wp\/v2\/users\/1"}],"replies":[{"embeddable":true,"href":"https:\/\/sps19.kalisz.pl\/index.php\/wp-json\/wp\/v2\/comments?post=7689"}],"version-history":[{"count":2,"href":"https:\/\/sps19.kalisz.pl\/index.php\/wp-json\/wp\/v2\/pages\/7689\/revisions"}],"predecessor-version":[{"id":9721,"href":"https:\/\/sps19.kalisz.pl\/index.php\/wp-json\/wp\/v2\/pages\/7689\/revisions\/9721"}],"wp:attachment":[{"href":"https:\/\/sps19.kalisz.pl\/index.php\/wp-json\/wp\/v2\/media?parent=7689"}],"curies":[{"name":"wp","href":"https:\/\/api.w.org\/{rel}","templated":true}]}}