{"id":8880,"date":"2022-02-25T20:18:47","date_gmt":"2022-02-25T19:18:47","guid":{"rendered":"http:\/\/sps19.kalisz.pl\/?page_id=8880"},"modified":"2025-07-09T14:14:05","modified_gmt":"2025-07-09T12:14:05","slug":"cyfrowa-wielkopolska","status":"publish","type":"page","link":"https:\/\/sps19.kalisz.pl\/index.php\/cyfrowa-wielkopolska\/","title":{"rendered":"Cyfrowa Wielkopolska"},"content":{"rendered":"\n<p>Materia\u0142y szkoleniowe (skr\u00f3t) &#8211; skr\u00f3t &#8211; film z lektorem.<\/p>\n\n\n\n<figure class=\"wp-block-video aligncenter\"><video height=\"720\" style=\"aspect-ratio: 1280 \/ 720;\" width=\"1280\" controls src=\"https:\/\/sps19.kalisz.pl\/wp-content\/uploads\/2022\/02\/materialy_szkolenie_CWLP.mp4\"><\/video><\/figure>\n","protected":false},"excerpt":{"rendered":"<p>Materia\u0142y szkoleniowe (skr\u00f3t) &#8211; skr\u00f3t &#8211; film z lektorem.<\/p>\n","protected":false},"author":1,"featured_media":0,"parent":0,"menu_order":0,"comment_status":"closed","ping_status":"closed","template":"template\/full-width.php","meta":{"footnotes":""},"class_list":["post-8880","page","type-page","status-publish","hentry"],"_links":{"self":[{"href":"https:\/\/sps19.kalisz.pl\/index.php\/wp-json\/wp\/v2\/pages\/8880","targetHints":{"allow":["GET"]}}],"collection":[{"href":"https:\/\/sps19.kalisz.pl\/index.php\/wp-json\/wp\/v2\/pages"}],"about":[{"href":"https:\/\/sps19.kalisz.pl\/index.php\/wp-json\/wp\/v2\/types\/page"}],"author":[{"embeddable":true,"href":"https:\/\/sps19.kalisz.pl\/index.php\/wp-json\/wp\/v2\/users\/1"}],"replies":[{"embeddable":true,"href":"https:\/\/sps19.kalisz.pl\/index.php\/wp-json\/wp\/v2\/comments?post=8880"}],"version-history":[{"count":1,"href":"https:\/\/sps19.kalisz.pl\/index.php\/wp-json\/wp\/v2\/pages\/8880\/revisions"}],"predecessor-version":[{"id":8882,"href":"https:\/\/sps19.kalisz.pl\/index.php\/wp-json\/wp\/v2\/pages\/8880\/revisions\/8882"}],"wp:attachment":[{"href":"https:\/\/sps19.kalisz.pl\/index.php\/wp-json\/wp\/v2\/media?parent=8880"}],"curies":[{"name":"wp","href":"https:\/\/api.w.org\/{rel}","templated":true}]}}