{"id":8897,"date":"2022-03-08T10:00:34","date_gmt":"2022-03-08T09:00:34","guid":{"rendered":"http:\/\/sps19.kalisz.pl\/?page_id=8897"},"modified":"2023-10-30T08:29:12","modified_gmt":"2023-10-30T07:29:12","slug":"wwrd","status":"publish","type":"page","link":"https:\/\/sps19.kalisz.pl\/index.php\/wwrd\/","title":{"rendered":"WWRD"},"content":{"rendered":"<p><\/p>\n\n\n<p><\/p>\n\n\n<p><\/p>\n<p><\/p>\n\n\n<\/p>\n<h3>Celem wczesnego wspomagania rozwoju jest pomoc dzieciom z zaburzonym rozwojem psychoruchowym i spo\u0142ecznym, zagro\u017conym niepe\u0142nosprawno\u015bci\u0105\u00a0i niepe\u0142nosprawnym oraz ich rodzicom i opiekunom. Obejmujemy pomoc\u0105 dzieci od urodzenia do momentu rozpocz\u0119cia nauki szkolnej. Mamy specjalist\u00f3w, kt\u00f3rzy posiadaj\u0105 odpowiednie kwalifikacje do prowadzenia zaj\u0119\u0107 wczesnego wspomagania rozwoju dziecka.<\/h3>\n<h3>\n\n\n\n<h3><\/h3>\n\n\n<\/h3>\n<h3>W ramach WWRD dzieci mog\u0105 otrzyma\u0107 specjalistyczne wsparcie :<\/h3>\n<h3>\n\n\n\n<h3><\/h3>\n\n\n<\/h3>\n<ul class=\"wp-block-list\">\n<li>\n<h3>logopedy\/neurologopedy<\/h3>\n<\/li>\n<li>\n<h3>pedagoga specjalnego<\/h3>\n<\/li>\n<li>\n<h3>tyflopedagoga<\/h3>\n<\/li>\n<li>\n<h3>surdopedagoga<\/h3>\n<\/li>\n<li>\n<h3>neurorehabilitanta<\/h3>\n<\/li>\n<li>\n<h3>terapeuty SI<\/h3>\n<\/li>\n<li>\n<h3>psychologa<\/h3>\n<\/li>\n<li>\n<h3>fizjoterapeuty<\/h3>\n<\/li>\n<\/ul>\n<h3>\n\n\n\n<h3><\/h3>\n\n\n<\/h3>\n<h3>Aby dziecko mog\u0142o by\u0107 obj\u0119te zaj\u0119ciami wczesnego wspomagania rozwoju musi posiada\u0107:<\/h3>\n<h3>\n\n\n\n<h3><\/h3>\n\n\n<\/h3>\n<ul class=\"wp-block-list\">\n<li>\n<h3>opini\u0119 o potrzebie wczesnego wspomagania rozwoju wydan\u0105 przez zesp\u00f3\u0142 orzekaj\u0105cy z publicznej poradni psychologiczno-pedagogicznej<\/h3>\n<\/li>\n<li>\n<h3>wniosek rodzic\u00f3w o obj\u0119cie dziecka wsparciem w ramach wczesnego wspomagania rozwoju<\/h3>\n<\/li>\n<\/ul>\n<h3>\n\n\n\n<h3><\/h3>\n\n\n<\/h3>\n<h3>Na podstawie opinii zesp\u00f3\u0142 specjalist\u00f3w opracowuje indywidualny program terapeutyczny i ustala harmonogram zaj\u0119\u0107 terapeutycznych dla dziecka, a praca z dzieckiem odbywa si\u0119 przy \u015bcis\u0142ej wsp\u00f3\u0142pracy z rodzicami.<\/h3>\n<h3>\n\n\n\n<h3><\/h3>\n\n\n<\/h3>\n<h3><strong>Zach\u0119camy do kontaktu celem uzyskania dodatkowych informacji.<\/strong><\/h3>\n<p>\n\n\n<p><\/p>\n<p><\/p>\n\n\n<\/p>\n<p class=\"is-layout-flex wp-container-core-columns-is-layout-9d6595d7 wp-block-columns-is-layout-flex\">\n\n<\/p>\n<p class=\"is-layout-flow wp-block-column-is-layout-flow\">\n\n<\/p>\n<img fetchpriority=\"high\" decoding=\"async\" src=\"https:\/\/sps19.kalisz.pl\/wp-content\/uploads\/2023\/10\/387760281_181574748323497_6679249539099911092_n-204x300.jpg\" alt=\"\" width=\"204\" height=\"300\" \/> <img decoding=\"async\" src=\"https:\/\/sps19.kalisz.pl\/wp-content\/uploads\/2023\/10\/395428007_1246153502718421_2312726056215185342_n-280x300.jpg\" alt=\"\" width=\"280\" height=\"300\" \/> <img decoding=\"async\" src=\"https:\/\/sps19.kalisz.pl\/wp-content\/uploads\/2023\/10\/368020528_146130638534575_3855140620307440828_n-198x300.jpg\" alt=\"\" width=\"198\" height=\"300\" \/> <img loading=\"lazy\" decoding=\"async\" src=\"https:\/\/sps19.kalisz.pl\/wp-content\/uploads\/2023\/10\/387776527_181575268323445_1213222611135797763_n-225x300.jpg\" alt=\"\" width=\"225\" height=\"300\" \/> <img loading=\"lazy\" decoding=\"async\" src=\"https:\/\/sps19.kalisz.pl\/wp-content\/uploads\/2023\/10\/387752971_181575171656788_6474003690557253485_n-225x300.jpg\" alt=\"\" width=\"225\" height=\"300\" \/> <img loading=\"lazy\" decoding=\"async\" src=\"https:\/\/sps19.kalisz.pl\/wp-content\/uploads\/2023\/10\/368012486_146130055201300_4733433185316772274_n-216x300.jpg\" alt=\"\" width=\"216\" height=\"300\" \/> <img loading=\"lazy\" decoding=\"async\" src=\"https:\/\/sps19.kalisz.pl\/wp-content\/uploads\/2023\/10\/365677951_146129765201329_5923376504339515188_n-290x300.jpg\" alt=\"\" width=\"290\" height=\"300\" \/> <img loading=\"lazy\" decoding=\"async\" src=\"https:\/\/sps19.kalisz.pl\/wp-content\/uploads\/2023\/10\/365662333_146130128534626_6684484191996331629_n-225x300.jpg\" alt=\"\" width=\"225\" height=\"300\" \/>\n<p>\n\n<\/p>\n<p>\n\n<\/p>\n<p>\n\n<\/p>\n<p class=\"is-layout-flow wp-block-column-is-layout-flow\">\n\n<\/p>\n<p>\n\n<\/p>\n<p>\n\n<\/p>\n<p class=\"is-layout-flow wp-block-column-is-layout-flow\">\n\n<\/p>\n<p>\n\n<\/p>\n<p>\n\n\n<p><\/p>\n<p><\/p>\n\n\n<\/p>\n<p class=\"is-layout-flex wp-container-core-columns-is-layout-9d6595d7 wp-block-columns-is-layout-flex\">\n\n<\/p>\n<p class=\"is-layout-flow wp-block-column-is-layout-flow\">\n\n<\/p>\n<p>\n\n<\/p>\n<p>\n\n<\/p>\n<p class=\"is-layout-flow wp-block-column-is-layout-flow\">\n\n<\/p>\n<p>\n\n<\/p>\n<p>\n\n<\/p>\n<p class=\"is-layout-flow wp-block-column-is-layout-flow\">\n\n<\/p>\n<p>\n\n<\/p>\n<p>\n\n\n<p><\/p>\n<p><\/p>\n\n\n<\/p>\n<p class=\"is-layout-flex wp-container-core-columns-is-layout-9d6595d7 wp-block-columns-is-layout-flex\">\n\n<\/p>\n<p class=\"is-layout-flow wp-block-column-is-layout-flow\">\n\n<\/p>\n<p>\n\n<\/p>\n<p>\n\n<\/p>\n<p class=\"is-layout-flow wp-block-column-is-layout-flow\">\n\n<\/p>\n<p>\n\n<\/p>\n<p>\n\n<\/p>\n<p class=\"is-layout-flow wp-block-column-is-layout-flow\">\n\n<\/p>\n<p>\n\n<\/p>\n<p>\n\n\n<p><\/p>","protected":false},"excerpt":{"rendered":"<p>Celem wczesnego wspomagania rozwoju jest pomoc dzieciom z zaburzonym rozwojem psychoruchowym i spo\u0142ecznym, zagro\u017conym niepe\u0142nosprawno\u015bci\u0105\u00a0i niepe\u0142nosprawnym oraz ich rodzicom i opiekunom. Obejmujemy pomoc\u0105 dzieci od urodzenia do momentu rozpocz\u0119cia nauki szkolnej. Mamy specjalist\u00f3w, kt\u00f3rzy posiadaj\u0105 odpowiednie kwalifikacje do prowadzenia zaj\u0119\u0107&#8230; <a href=\"https:\/\/sps19.kalisz.pl\/index.php\/wwrd\/\" class=\"readmore\">Dowiedz si\u0119 wi\u0119cej<span class=\"screen-reader-text\">WWRD<\/span><span class=\"fa fa-angle-double-right\" aria-hidden=\"true\"><\/span><\/a><\/p>\n","protected":false},"author":1,"featured_media":0,"parent":0,"menu_order":0,"comment_status":"closed","ping_status":"closed","template":"page-templates\/full-width.php","meta":{"footnotes":""},"class_list":["post-8897","page","type-page","status-publish","hentry"],"_links":{"self":[{"href":"https:\/\/sps19.kalisz.pl\/index.php\/wp-json\/wp\/v2\/pages\/8897","targetHints":{"allow":["GET"]}}],"collection":[{"href":"https:\/\/sps19.kalisz.pl\/index.php\/wp-json\/wp\/v2\/pages"}],"about":[{"href":"https:\/\/sps19.kalisz.pl\/index.php\/wp-json\/wp\/v2\/types\/page"}],"author":[{"embeddable":true,"href":"https:\/\/sps19.kalisz.pl\/index.php\/wp-json\/wp\/v2\/users\/1"}],"replies":[{"embeddable":true,"href":"https:\/\/sps19.kalisz.pl\/index.php\/wp-json\/wp\/v2\/comments?post=8897"}],"version-history":[{"count":14,"href":"https:\/\/sps19.kalisz.pl\/index.php\/wp-json\/wp\/v2\/pages\/8897\/revisions"}],"predecessor-version":[{"id":10291,"href":"https:\/\/sps19.kalisz.pl\/index.php\/wp-json\/wp\/v2\/pages\/8897\/revisions\/10291"}],"wp:attachment":[{"href":"https:\/\/sps19.kalisz.pl\/index.php\/wp-json\/wp\/v2\/media?parent=8897"}],"curies":[{"name":"wp","href":"https:\/\/api.w.org\/{rel}","templated":true}]}}