{"id":9047,"date":"2022-04-12T13:59:37","date_gmt":"2022-04-12T11:59:37","guid":{"rendered":"http:\/\/sps19.kalisz.pl\/?page_id=9047"},"modified":"2025-07-09T17:23:25","modified_gmt":"2025-07-09T15:23:25","slug":"dobre-praktyki-dla-rodzica","status":"publish","type":"page","link":"https:\/\/sps19.kalisz.pl\/index.php\/dobre-praktyki-dla-rodzica\/","title":{"rendered":"Dobre praktyki dla rodzica"},"content":{"rendered":"\n<h2 class=\"has-text-align-center has-x-large-font-size wp-block-heading\"><strong><em>Etapy rozwoju mowy dziecka.<\/em><\/strong><\/h2>\n\n\n\n<h2 class=\"has-text-align-center has-large-font-size wp-block-heading\"><strong><em>Co \u00a0wp\u0142ywa na dobr\u0105 komunikacj\u0119?<\/em><\/strong><\/h2>\n\n\n\n<div class=\"wp-block-image\"><figure class=\"aligncenter size-full\"><img fetchpriority=\"high\" decoding=\"async\" width=\"605\" height=\"605\" src=\"https:\/\/sps19.kalisz.pl\/wp-content\/uploads\/2022\/04\/wwrd1.png\" alt=\"\" class=\"wp-image-9053\" srcset=\"https:\/\/sps19.kalisz.pl\/wp-content\/uploads\/2022\/04\/wwrd1.png 605w, https:\/\/sps19.kalisz.pl\/wp-content\/uploads\/2022\/04\/wwrd1-300x300.png 300w, https:\/\/sps19.kalisz.pl\/wp-content\/uploads\/2022\/04\/wwrd1-150x150.png 150w\" sizes=\"(max-width: 605px) 100vw, 605px\" \/><\/figure><\/div>\n\n\n\n<div class=\"wp-block-image\"><figure class=\"aligncenter size-full\"><img decoding=\"async\" width=\"595\" height=\"742\" src=\"https:\/\/sps19.kalisz.pl\/wp-content\/uploads\/2022\/04\/wwrd2.png\" alt=\"\" class=\"wp-image-9054\" srcset=\"https:\/\/sps19.kalisz.pl\/wp-content\/uploads\/2022\/04\/wwrd2.png 595w, https:\/\/sps19.kalisz.pl\/wp-content\/uploads\/2022\/04\/wwrd2-241x300.png 241w\" sizes=\"(max-width: 595px) 100vw, 595px\" \/><\/figure><\/div>\n\n\n\n<div class=\"wp-block-image\"><figure class=\"aligncenter size-full\"><img decoding=\"async\" width=\"605\" height=\"687\" src=\"https:\/\/sps19.kalisz.pl\/wp-content\/uploads\/2022\/04\/wwrd3.png\" alt=\"\" class=\"wp-image-9055\" srcset=\"https:\/\/sps19.kalisz.pl\/wp-content\/uploads\/2022\/04\/wwrd3.png 605w, https:\/\/sps19.kalisz.pl\/wp-content\/uploads\/2022\/04\/wwrd3-264x300.png 264w\" sizes=\"(max-width: 605px) 100vw, 605px\" \/><\/figure><\/div>\n\n\n\n<div class=\"wp-block-image\"><figure class=\"aligncenter size-full\"><img loading=\"lazy\" decoding=\"async\" width=\"605\" height=\"761\" src=\"https:\/\/sps19.kalisz.pl\/wp-content\/uploads\/2022\/04\/wwrd4.png\" alt=\"\" class=\"wp-image-9056\" srcset=\"https:\/\/sps19.kalisz.pl\/wp-content\/uploads\/2022\/04\/wwrd4.png 605w, https:\/\/sps19.kalisz.pl\/wp-content\/uploads\/2022\/04\/wwrd4-239x300.png 239w\" sizes=\"(max-width: 605px) 100vw, 605px\" \/><\/figure><\/div>\n\n\n\n<div class=\"wp-block-image\"><figure class=\"aligncenter size-full\"><img loading=\"lazy\" decoding=\"async\" width=\"605\" height=\"685\" src=\"https:\/\/sps19.kalisz.pl\/wp-content\/uploads\/2022\/04\/wwrd5.png\" alt=\"\" class=\"wp-image-9057\" srcset=\"https:\/\/sps19.kalisz.pl\/wp-content\/uploads\/2022\/04\/wwrd5.png 605w, https:\/\/sps19.kalisz.pl\/wp-content\/uploads\/2022\/04\/wwrd5-265x300.png 265w\" sizes=\"(max-width: 605px) 100vw, 605px\" \/><\/figure><\/div>\n\n\n\n<div class=\"wp-block-image\"><figure class=\"aligncenter size-full\"><img loading=\"lazy\" decoding=\"async\" width=\"605\" height=\"716\" src=\"https:\/\/sps19.kalisz.pl\/wp-content\/uploads\/2022\/04\/wwrd6.png\" alt=\"\" class=\"wp-image-9058\" srcset=\"https:\/\/sps19.kalisz.pl\/wp-content\/uploads\/2022\/04\/wwrd6.png 605w, https:\/\/sps19.kalisz.pl\/wp-content\/uploads\/2022\/04\/wwrd6-253x300.png 253w\" sizes=\"(max-width: 605px) 100vw, 605px\" \/><\/figure><\/div>\n\n\n\n<h2 class=\"wp-block-heading\"><strong><em>JAK WSPIERA\u0106 PRAWID\u0141OWY ROZW\u00d3J MOWY DZIECKA?<\/em><\/strong><\/h2>\n\n\n\n<p>Ka\u017cdego dnia logopedzi pracuj\u0105 z ma\u0142ymi dzie\u0107mi, kt\u00f3re; nie utrzymuj\u0105 kontaktu wzrokowego, nie potrafi\u0105 w\u0142\u0105czy\u0107 si\u0119 do wsp\u00f3lnej zabawy, poszukuj\u0105 silnych bod\u017ac\u00f3w, wykazuj\u0105 du\u017c\u0105 przerzutno\u015b\u0107 uwagi, nie m\u00f3wi\u0105. \u0141\u0105czy ich to, \u017ce od najm\u0142odszych lat otoczeni s\u0105 interaktywnymi zabawkami i maj\u0105 nieograniczony dost\u0119p do ?dobrodziejstw? technologicznych wsp\u00f3\u0142czesno\u015bci ? nie bez przyczyny telefon kom\u00f3rkowy nazywa si\u0119 smoczkiem XXI wieku.<\/p>\n\n\n\n<p>Cyfrowa demencja ? to okre\u015blenie&nbsp; do opisania symptom\u00f3w chorobowych ? zar\u00f3wno psychicznych, jak i fizycznych ? b\u0119d\u0105cych skutkiem niekontrolowanego korzystania z medi\u00f3w cyfrowych.<\/p>\n\n\n\n<p>&nbsp;M\u00f3zg cz\u0142owieka wykazuje niezwyk\u0142\u0105 w\u0142a\u015bciwo\u015b\u0107 zwan\u0105 neuroplastyczno\u015bci\u0105, czyli zdolno\u015b\u0107 do zmian w uk\u0142adzie nerwowym, na skutek bod\u017ac\u00f3w p\u0142yn\u0105cych z otoczenia. Do uko\u0144czenia trzeciego roku \u017cycia zdolno\u015b\u0107 tkanki nerwowej do tworzenia nowych po\u0142\u0105cze\u0144 jest najsilniejsza, jest to wi\u0119c bezcenny okres w rozwoju dziecka, kluczowy mi\u0119dzy innymi dla rozwoju mowy.<\/p>\n\n\n\n<p>M\u00f3zg posiada dwie p\u00f3\u0142kule, ka\u017cda z nich specjalizuje si\u0119 w innych obszarach naszego funkcjonowania. Lewa p\u00f3\u0142kula odpowiada za tworzenie oraz odbi\u00f3r mowy, prawa natomiast odbiera i przetwarza bod\u017ace niej\u0119zykowe ? d\u017awi\u0119kowe, a tak\u017ce obrazowe. P\u00f3\u0142kule nieustannie wsp\u00f3\u0142dzia\u0142aj\u0105 ze sob\u0105, lecz jednocze\u015bnie poprzez uwarunkowania neurobiologiczne wykszta\u0142camy przewag\u0119 funkcjonaln\u0105 jednej z p\u00f3\u0142kul m\u00f3zgowych ? tak zwan\u0105 lateralizacj\u0119. Dominacja ta jednak dotyczy jednej ze stron cia\u0142a w odniesieniu do parzystych narz\u0105d\u00f3w ruchu i organ\u00f3w zmys\u0142owych (r\u0105k, n\u00f3g, uszu, oczu) i korzystnie wp\u0142ywa na nasze funkcjonowanie. Je\u015bli jednak niedojrza\u0142y uk\u0142ad nerwowy dziecka w pierwszych trzech latach \u017cycia&nbsp; jest stymulowany nadmiern\u0105 ilo\u015bci\u0105 multimedialnych bod\u017ac\u00f3w prawop\u00f3\u0142kulowych ? d\u017awi\u0119kowo-obrazowych, w\u00f3wczas mo\u017ce si\u0119 okaza\u0107, \u017ce prawa p\u00f3\u0142kula zablokuje lew\u0105, nie pozwalaj\u0105c specjalizowa\u0107 si\u0119 jej funkcjom, w efekcie op\u00f3\u017aniaj\u0105c lub zaburzaj\u0105c rozw\u00f3j mowy.<\/p>\n\n\n\n<p>Ponadto, graj\u0105co-\u015bwiec\u0105co-ruszaj\u0105ce si\u0119 zabawki w istocie ograniczaj\u0105 ich kreatywno\u015b\u0107, rozleniwiaj\u0105 ich ciekawo\u015b\u0107 oraz tworz\u0105 baz\u0119 pod p\u00f3\u017aniejsz\u0105 na\u0142ogow\u0105 potrzeb\u0119 kontaktu z mediami, zaspakajaj\u0105cymi potrzeb\u0119 audiowizualnej stymulacji. Z roku na rok telewizyjne bajki charakteryzuje wi\u0119ksza kolorystyka, szybsza zmienno\u015b\u0107 odtwarzanych klatek na sekund\u0119, coraz g\u0142o\u015bniejsze i nieprzewidywalne d\u017awi\u0119ki oraz nag\u0142e zwroty akcji ? wszystko to przyczynia si\u0119 do powa\u017cnych problem\u00f3w z koncentracj\u0105, mog\u0105cych w p\u00f3\u017aniejszych latach \u017cycia wp\u0142ywa\u0107 na niepowodzenia szkolne.<\/p>\n\n\n\n<p>Po tak silnych do\u015bwiadczeniach s\u0142uchowo-wzrokowych dziecko nie jest w stanie utrzyma\u0107 kontaktu wzrokowego, zareagowa\u0107 na proste polecenie czy zafiksowa\u0107 wzroku na ruchach narz\u0105d\u00f3w artykulacyjnych osoby m\u00f3wi\u0105cej ? twarz oraz komunikat s\u0142owny s\u0105 po prostu za ma\u0142o atrakcyjne. W takich warunkach prawid\u0142owy rozw\u00f3j mowy jest zwyczajnie niemo\u017cliwy. Niech\u0119\u0107 do obserwacji twarzy cz\u0142onk\u00f3w rodziny czy r\u00f3wie\u015bnik\u00f3w b\u0119dzie stopniowo upo\u015bledza\u0142a prac\u0119 neuron\u00f3w lustrzanych odpowiedzialnych za rozpoznawanie stan\u00f3w emocjonalnych drugiego cz\u0142owieka oraz empati\u0119, zaburzy wi\u0119c prawid\u0142owy rozw\u00f3j spo\u0142eczny.<\/p>\n\n\n\n<h2 class=\"wp-block-heading\"><strong><em><u>JAK MO\u017bEMY TEGO UNIKN\u0104\u0106?<\/u><\/em><\/strong><\/h2>\n\n\n\n<p>Dwulatek nie powinien wcale korzysta\u0107 z medi\u00f3w audiowizualnych. Dzieciom w wieku 3-4 lat ogranicz kontakt z mediami do minimum, zw\u0142aszcza je\u015bli zauwa\u017casz nieprawid\u0142owo\u015bci w rozwoju mowy;<\/p>\n\n\n\n<div class=\"wp-block-image\"><figure class=\"aligncenter size-full\"><img loading=\"lazy\" decoding=\"async\" width=\"605\" height=\"732\" src=\"https:\/\/sps19.kalisz.pl\/wp-content\/uploads\/2022\/04\/wwrd7.png\" alt=\"\" class=\"wp-image-9059\" srcset=\"https:\/\/sps19.kalisz.pl\/wp-content\/uploads\/2022\/04\/wwrd7.png 605w, https:\/\/sps19.kalisz.pl\/wp-content\/uploads\/2022\/04\/wwrd7-248x300.png 248w\" sizes=\"(max-width: 605px) 100vw, 605px\" \/><\/figure><\/div>\n\n\n\n<ul class=\"wp-block-list\"><li>Wychowuj dziecko w atmosferze blisko\u015bci. P\u0142acz to pierwsza forma komunikacji ? nigdy jej nie ignoruj;<\/li><li>Dbaj o to, by Tw\u00f3j wzrok by\u0142 zawsze na poziomie wzroku Twojego dziecka. M\u00f3w do dziecka przesadnie eksponuj\u0105c ruchy narz\u0105d\u00f3w artykulacyjnych, zw\u0142aszcza warg i j\u0119zyka. Na\u015bladuj pierwsze wypowiadane przez malca d\u017awi\u0119ki, m\u00f3w w Jego ?j\u0119zyku?, zainteresuj go melodyjno\u015bci\u0105, zmienno\u015bci\u0105 wysoko\u015bci i rytmizacj\u0105 wypowiedzi. Ma\u0142e dzieci wyj\u0105tkowo pozytywnie reaguj\u0105 na rymowanki i wierszyki;<\/li><li>Dzieci do uko\u0144czenia 1 roku \u017cycia ucz\u0105 si\u0119 g\u0142\u00f3wnie przez obserwacj\u0119 oraz do\u015bwiadczenia sensomotoryczne. Dawaj wi\u0119c maluszkowi okazj\u0119 do do\u015bwiadczania jak najwi\u0119kszej ilo\u015bci kszta\u0142t\u00f3w, kolor\u00f3w i d\u017awi\u0119k\u00f3w, poznawania du\u017cej ilo\u015bci faktur, smak\u00f3w oraz zapach\u00f3w;<\/li><li>\u015awiadomie rozszerzaj diet\u0119 niemowl\u0119cia, gdy\u017c prawid\u0142owy przebieg wielokrotnie powtarzanych czynno\u015bci pokarmowych, czyli jedzenie i picie, s\u0105 podstaw\u0105 sprawnego funkcjonowania ca\u0142ego aparatu artykulacyjnego, kt\u00f3ry wykorzystujemy podczas m\u00f3wienia.<\/li><\/ul>\n\n\n\n<p><strong><em><u>BUDUJ KONCENTRACJ\u0118:<\/u><\/em><\/strong><\/p>\n\n\n\n<ul class=\"wp-block-list\"><li>Po\u015bwi\u0119\u0107 dziecku 100% swojej uwagi podczas wsp\u00f3lnej zabawy, to Wasz bezcenny czas! W trakcie \u0107wicze\u0144 odizoluj dziecko od bod\u017ac\u00f3w rozpraszaj\u0105cych uwag\u0119;<\/li><\/ul>\n\n\n\n<p>Motywuj dziecko do ko\u0144czenia aktywno\u015bci, kt\u00f3r\u0105 zacz\u0119\u0142o, dopiero p\u00f3\u017aniej zaproponuj kolejn\u0105 zabaw\u0119. Wybieraj takie czynno\u015bci, kt\u00f3re wiesz, \u017ce dziecko jest w stanie wykona\u0107 od pocz\u0105tku do ko\u0144ca, z czasem stopniowo je rozwijaj;<\/p>\n\n\n\n<ul class=\"wp-block-list\"><li>Wprowad\u017a \u0107wiczenia stymuluj\u0105ce lew\u0105 p\u00f3\u0142kul\u0119 m\u00f3zgu do waszych wsp\u00f3lnych zabaw ? maj\u0105 one pozytywny wp\u0142yw na mow\u0119, czytanie, pisanie oraz funkcje intelektualne. Wiele propozycji zabaw lewop\u00f3\u0142kulowych znajdziesz w Internecie;<\/li><li>Od najm\u0142odszych lat czytaj dziecku ksi\u0105\u017ceczki, dostosuj tre\u015b\u0107 do jego mo\u017cliwo\u015bci odbiorczych, wskazuj palcem szczeg\u00f3\u0142y na obrazkach i motywuj dziecko do tego samego! Wsp\u00f3lne&nbsp; czytanie ksi\u0105\u017ceczek wzmacnia wi\u0119\u017a dziecka z opiekunem, jest pretekstem do zbudowania wsp\u00f3lnego pola uwagi, kszta\u0142tuje uwag\u0119 s\u0142uchowo-wzrokow\u0105, ?t\u0142umaczy dziecku \u015bwiat? i rozbudza ciekawo\u015b\u0107 jego poznawania (motywuje do zadawania pyta\u0144), aktywizuje gest wskazywania palcem, rozwija spontaniczn\u0105 ekspresj\u0119 s\u0142own\u0105 oraz rozumienie mowy.<\/li><\/ul>\n\n\n\n<p><strong><em><u>ROZWIJAJ BAZOWE UMIEJ\u0118TNO\u015aCI KOMUNIKACYJNE:<\/u><\/em><\/strong><\/p>\n\n\n\n<ul class=\"wp-block-list\"><li>Ucz dziecko wskazywania palcem ? to niezwykle wa\u017cna forma komunikacji, umo\u017cliwia maluchowi inicjowanie pierwszych dialog\u00f3w (gest wskazywania palcem wyst\u0119puje najpierw w formie pro\u015bby ?Daj to?, p\u00f3\u017aniej w formie pytania ?Co to jest?? ? dziecko mo\u017ce w\u00f3wczas samo zdobywa\u0107 werbaln\u0105 wiedz\u0119 o \u015bwiecie);<\/li><li>Dziel z dzieckiem wsp\u00f3lne pole uwagi. Oka\u017c zainteresowanie tym co robi malec, w\u0142\u0105cz si\u0119 do zabawy, mo\u017cesz pr\u00f3bowa\u0107 stopniowo j\u0105 urozmaica\u0107;<\/li><li>Organizuj tzw. zabawy tematyczne, polegaj\u0105ce na na\u015bladowaniu rzeczywisto\u015bci (np. karmienie i opiekowanie si\u0119 lalk\u0105, wy\u015bcigi samochodowe, zabawa w gotowanie, udawanie zwierz\u0105tek itd.). Ucz dziecko adekwatnego reagowania na r\u00f3\u017cne stany emocjonalne, np. &#8222;Zobacz, mi\u015b jest chory, smuci si\u0119. Przytul misia.&#8221;<\/li><li>Organizuj zabawy rozwijaj\u0105ce precyzyjne ruchy d\u0142oni po\u0142\u0105czone z do\u015bwiadczaniem r\u00f3\u017cnorodnych bod\u017ac\u00f3w sensorycznych, np. wyci\u0105ganie kawa\u0142k\u00f3w jab\u0142uszka z kisielu, lepienie z plasteliny, nawlekanie, wycinanie. Umiej\u0119tno\u015bci w zakresie motoryki ma\u0142ej maj\u0105 bezpo\u015bredni wp\u0142yw na precyzj\u0119 ruch\u00f3w artykulacyjnych wykonywanych w trakcie m\u00f3wienia.<\/li><li>Ucz naprzemienno\u015bci poprzez zabaw\u0119 ? ?Teraz JA uk\u0142adam klocek. Teraz TY uk\u0142adasz klocek?. Dialog to te\u017c naprzemienno\u015b\u0107. Poprzez tak\u0105 zabaw\u0119 dziecko uczy si\u0119 czekania na swoj\u0105 kolej, interakcji z drugim cz\u0142owiekiem opartej na wsp\u00f3\u0142dzia\u0142aniu oraz przestrzegania prostych regu\u0142;<\/li><li>?Porz\u0105dkuj? z dzieckiem \u015bwiat&nbsp; &#8211; motywuj malca do poszukiwa\u0144 ?Gdzie takie same??. Ucz dobierania kolejno: takich samych przedmiot\u00f3w, przedmiotu do zdj\u0119cia, przedmiotu do jego graficznego przedstawienia. Kategoryzujcie przedmioty wzgl\u0119dem koloru, kszta\u0142tu, funkcji itd.<\/li><li>Wprowad\u017a zabawy paluszkowe (recytowanie prostego wierszyka po\u0142\u0105czone z wykonywaniem odpowiednich ruch\u00f3w palc\u00f3w lub masa\u017cem d\u0142oni);<\/li><li>Proponuj zabawy oparte na prostym na\u015bladownictwie w zakresie motoryki wielkiej, kt\u00f3rym towarzysz\u0105 okre\u015blone wyra\u017cenia d\u017awi\u0119kona\u015bladowcze lub s\u0142owa, mo\u017cecie&nbsp; wykonywa\u0107&nbsp; je przy muzyce.<\/li><\/ul>\n\n\n\n<p><strong><em><u>WSPIERAJ WYRAZISTO\u015a\u0106 MOWY:<\/u><\/em><\/strong><\/p>\n\n\n\n<ul class=\"wp-block-list\"><li>Masuj buzi\u0119 dziecka tak, by lepiej poczu\u0142o swoje usta, policzki, brod\u0119 ? skupiaj si\u0119 na tych obszarach. Je\u015bli dziecko z niech\u0119ci\u0105 reaguje na masa\u017c twarzy, najpierw przyzwyczaj dziecko do masa\u017cyk\u00f3w st\u00f3p i d\u0142oni. Warto te\u017c zaktywizowa\u0107 dziecko i przy okazji utrwali\u0107 nazwy cz\u0119\u015bci cia\u0142a ? dziecko w trakcie masa\u017cu mo\u017ce masowa\u0107 lalk\u0119. W\u015br\u00f3d dziewczynek dobrym pretekstem do stymulacji dotykowej obszaru twarzy jest zabawa w kosmetyczk\u0119;<\/li><li>Ucz oddychania nosem oraz wdychania powietrza nosem i d\u0142ugiego, spokojnego wydechu ustami. Idealnie sprawdzi si\u0119 tu dmuchanie baniek mydlanych b\u0105d\u017a pi\u00f3rek;<\/li><li>Baw si\u0119 z dzieckiem w robienie \u015bmiesznych min przed lustrem, na\u015bladujcie je wzajemnie;<\/li><li>M\u00f3w powoli, wyd\u0142u\u017caj samog\u0142oski;<\/li><li>Eksponuj swoje usta podczas dialogu z dzieckiem (pomaluj je kolorow\u0105 szmink\u0105, wysmaruj czekolad\u0105 itp.), by patrzenie na ich wyraziste ruchy by\u0142o dla malca atrakcyjne.<\/li><\/ul>\n\n\n\n<div class=\"wp-block-image\"><figure class=\"aligncenter size-full\"><img loading=\"lazy\" decoding=\"async\" width=\"605\" height=\"857\" src=\"https:\/\/sps19.kalisz.pl\/wp-content\/uploads\/2022\/04\/wwrd8.png\" alt=\"\" class=\"wp-image-9060\" srcset=\"https:\/\/sps19.kalisz.pl\/wp-content\/uploads\/2022\/04\/wwrd8.png 605w, https:\/\/sps19.kalisz.pl\/wp-content\/uploads\/2022\/04\/wwrd8-212x300.png 212w\" sizes=\"(max-width: 605px) 100vw, 605px\" \/><\/figure><\/div>\n\n\n\n<p>Przyczyn nieprawid\u0142owo\u015bci w rozwoju mowy mo\u017ce by\u0107 wiele.<\/p>\n\n\n\n<p>Im wcze\u015bniej zauwa\u017cysz te nieprawid\u0142owo\u015bci i zareagujesz, tym wi\u0119ksze szanse dasz Swojemu dziecku.<\/p>\n\n\n\n<p>\u0179r\u00f3d\u0142a:<\/p>\n\n\n\n<p>Facebook, blog: Neurologopeda<\/p>\n\n\n\n<p>www.Logatio- Gabinet logopedyczny<\/p>\n","protected":false},"excerpt":{"rendered":"<p>Etapy rozwoju mowy dziecka. Co \u00a0wp\u0142ywa na dobr\u0105 komunikacj\u0119? JAK WSPIERA\u0106 PRAWID\u0141OWY ROZW\u00d3J MOWY DZIECKA? Ka\u017cdego dnia logopedzi pracuj\u0105 z ma\u0142ymi dzie\u0107mi, kt\u00f3re; nie utrzymuj\u0105 kontaktu wzrokowego, nie potrafi\u0105 w\u0142\u0105czy\u0107 si\u0119 do wsp\u00f3lnej zabawy, poszukuj\u0105 silnych bod\u017ac\u00f3w, wykazuj\u0105 du\u017c\u0105 przerzutno\u015b\u0107&#8230; <a href=\"https:\/\/sps19.kalisz.pl\/index.php\/dobre-praktyki-dla-rodzica\/\" class=\"readmore\">Dowiedz si\u0119 wi\u0119cej<span class=\"screen-reader-text\">Dobre praktyki dla rodzica<\/span><span class=\"fa fa-angle-double-right\" aria-hidden=\"true\"><\/span><\/a><\/p>\n","protected":false},"author":1,"featured_media":0,"parent":0,"menu_order":0,"comment_status":"closed","ping_status":"closed","template":"template\/full-width.php","meta":{"footnotes":""},"class_list":["post-9047","page","type-page","status-publish","hentry"],"_links":{"self":[{"href":"https:\/\/sps19.kalisz.pl\/index.php\/wp-json\/wp\/v2\/pages\/9047","targetHints":{"allow":["GET"]}}],"collection":[{"href":"https:\/\/sps19.kalisz.pl\/index.php\/wp-json\/wp\/v2\/pages"}],"about":[{"href":"https:\/\/sps19.kalisz.pl\/index.php\/wp-json\/wp\/v2\/types\/page"}],"author":[{"embeddable":true,"href":"https:\/\/sps19.kalisz.pl\/index.php\/wp-json\/wp\/v2\/users\/1"}],"replies":[{"embeddable":true,"href":"https:\/\/sps19.kalisz.pl\/index.php\/wp-json\/wp\/v2\/comments?post=9047"}],"version-history":[{"count":4,"href":"https:\/\/sps19.kalisz.pl\/index.php\/wp-json\/wp\/v2\/pages\/9047\/revisions"}],"predecessor-version":[{"id":12276,"href":"https:\/\/sps19.kalisz.pl\/index.php\/wp-json\/wp\/v2\/pages\/9047\/revisions\/12276"}],"wp:attachment":[{"href":"https:\/\/sps19.kalisz.pl\/index.php\/wp-json\/wp\/v2\/media?parent=9047"}],"curies":[{"name":"wp","href":"https:\/\/api.w.org\/{rel}","templated":true}]}}