{"id":9350,"date":"2022-10-10T14:03:19","date_gmt":"2022-10-10T12:03:19","guid":{"rendered":"http:\/\/sps19.kalisz.pl\/?page_id=9350"},"modified":"2025-07-09T13:41:14","modified_gmt":"2025-07-09T11:41:14","slug":"kolo-zainteresowan-tworczo-teatralnych","status":"publish","type":"page","link":"https:\/\/sps19.kalisz.pl\/index.php\/kolo-zainteresowan-tworczo-teatralnych\/","title":{"rendered":"Ko\u0142o zainteresowa\u0144 tw\u00f3rczo-teatralnych"},"content":{"rendered":"\n<p class=\"has-text-align-center has-medium-font-size\"><strong>&nbsp;Ko\u0142o zainteresowa\u0144 tw\u00f3rczo &#8211; teatralnych<\/strong><\/p>\n\n\n\n<p class=\"has-text-align-center has-medium-font-size\"><strong>?\u017bycie jest sztuk\u0105?<\/strong><\/p>\n\n\n\n<p class=\"has-text-align-center\">Katarzyn Janowska<\/p>\n\n\n\n<p>G\u0142\u00f3wne za\u0142o\u017cenia w\/w zaj\u0119\u0107 obejmuj\u0105 rozbudzanie zainteresowa\u0144 (sposoby sp\u0119dzania wolnego czasu), rozwijanie zdolno\u015bci wokalnych, pami\u0119ciowych czy ruchowych oraz wdra\u017canie do tw\u00f3rczego, konstruktywnego wyra\u017cania siebie, swoich emocji.<\/p>\n\n\n\n<p>Osi\u0105gni\u0119cie za\u0142o\u017conych cel\u00f3w wymaga stosowania form i metod pracy, kt\u00f3re s\u0105 dostosowane do indywidualnych potrzeb i mo\u017cliwo\u015bci uczni\u00f3w. Powinny one zaspokoi\u0107 potrzeby psychofizyczne dzieci\/m\u0142odzie\u017cy, rozwija\u0107 indywidualne zdolno\u015bci, zainteresowania, umo\u017cliwia\u0107 osi\u0105ganie sukces\u00f3w na miar\u0119 mo\u017cliwo\u015bci ka\u017cdego uczestnika ko\u0142a.<\/p>\n\n\n\n<p>Formy pracy wykorzystywane podczas zaj\u0119\u0107 to dzia\u0142ania teatralne, w szczeg\u00f3lno\u015bci improwizacje, przedstawienia pacynkowe, lalkowe, teatr cieni, czy teatrzyk kamishibai.<\/p>\n","protected":false},"excerpt":{"rendered":"<p>&nbsp;Ko\u0142o zainteresowa\u0144 tw\u00f3rczo &#8211; teatralnych ?\u017bycie jest sztuk\u0105? Katarzyn Janowska G\u0142\u00f3wne za\u0142o\u017cenia w\/w zaj\u0119\u0107 obejmuj\u0105 rozbudzanie zainteresowa\u0144 (sposoby sp\u0119dzania wolnego czasu), rozwijanie zdolno\u015bci wokalnych, pami\u0119ciowych czy ruchowych oraz wdra\u017canie do tw\u00f3rczego, konstruktywnego wyra\u017cania siebie, swoich emocji. Osi\u0105gni\u0119cie za\u0142o\u017conych cel\u00f3w wymaga&#8230; <a href=\"https:\/\/sps19.kalisz.pl\/index.php\/kolo-zainteresowan-tworczo-teatralnych\/\" class=\"readmore\">Dowiedz si\u0119 wi\u0119cej<span class=\"screen-reader-text\">Ko\u0142o zainteresowa\u0144 tw\u00f3rczo-teatralnych<\/span><span class=\"fa fa-angle-double-right\" aria-hidden=\"true\"><\/span><\/a><\/p>\n","protected":false},"author":1,"featured_media":0,"parent":0,"menu_order":0,"comment_status":"closed","ping_status":"closed","template":"template\/full-width.php","meta":{"footnotes":""},"class_list":["post-9350","page","type-page","status-publish","hentry"],"_links":{"self":[{"href":"https:\/\/sps19.kalisz.pl\/index.php\/wp-json\/wp\/v2\/pages\/9350","targetHints":{"allow":["GET"]}}],"collection":[{"href":"https:\/\/sps19.kalisz.pl\/index.php\/wp-json\/wp\/v2\/pages"}],"about":[{"href":"https:\/\/sps19.kalisz.pl\/index.php\/wp-json\/wp\/v2\/types\/page"}],"author":[{"embeddable":true,"href":"https:\/\/sps19.kalisz.pl\/index.php\/wp-json\/wp\/v2\/users\/1"}],"replies":[{"embeddable":true,"href":"https:\/\/sps19.kalisz.pl\/index.php\/wp-json\/wp\/v2\/comments?post=9350"}],"version-history":[{"count":2,"href":"https:\/\/sps19.kalisz.pl\/index.php\/wp-json\/wp\/v2\/pages\/9350\/revisions"}],"predecessor-version":[{"id":9367,"href":"https:\/\/sps19.kalisz.pl\/index.php\/wp-json\/wp\/v2\/pages\/9350\/revisions\/9367"}],"wp:attachment":[{"href":"https:\/\/sps19.kalisz.pl\/index.php\/wp-json\/wp\/v2\/media?parent=9350"}],"curies":[{"name":"wp","href":"https:\/\/api.w.org\/{rel}","templated":true}]}}